CRAN Package Check Results for Package eventTrack

Last updated on 2021-12-03 00:48:40 CET.

Flavor Version Tinstall Tcheck Ttotal Status Flags
r-devel-linux-x86_64-debian-clang 1.0.1 7.83 78.78 86.61 OK
r-devel-linux-x86_64-debian-gcc 1.0.1 6.12 57.77 63.89 WARN
r-devel-linux-x86_64-fedora-clang 1.0.1 113.31 OK
r-devel-linux-x86_64-fedora-gcc 1.0.1 98.58 WARN
r-devel-windows-x86_64-new-UL 1.0.1 15.00 128.00 143.00 OK
r-devel-windows-x86_64-new-TK 1.0.1 OK
r-devel-windows-x86_64-old 1.0.1 11.00 76.00 87.00 OK
r-patched-linux-x86_64 1.0.1 8.34 75.50 83.84 OK
r-patched-solaris-x86 1.0.1 128.60 OK
r-release-linux-x86_64 1.0.1 7.23 75.94 83.17 OK
r-release-macos-arm64 1.0.1 OK
r-release-macos-x86_64 1.0.1 OK
r-release-windows-ix86+x86_64 1.0.1 16.00 101.00 117.00 OK
r-oldrel-macos-x86_64 1.0.1 OK
r-oldrel-windows-ix86+x86_64 1.0.1 17.00 104.00 121.00 OK

Check Details

Version: 1.0.1
Check: re-building of vignette outputs
Result: WARN
    Error(s) in re-building vignettes:
     ...
    --- re-building ‘eventTrack.Rmd’ using rmarkdown
    Quitting from lines 494-516 (eventTrack.Rmd)
    Error: processing vignette ‘eventTrack.Rmd’ failed with diagnostics:
    data must be a numeric vector of length greater than 1 for non censored data or a dataframe with two columns named left and right and more than one line for censored data
    --- failed re-building ‘eventTrack.Rmd’
    
    SUMMARY: processing the following file failed:
     ‘eventTrack.Rmd’
    
    Error: Vignette re-building failed.
    Execution halted
Flavor: r-devel-linux-x86_64-debian-gcc

Version: 1.0.1
Check: re-building of vignette outputs
Result: WARN
    Error(s) in re-building vignettes:
    --- re-building ‘eventTrack.Rmd’ using rmarkdown
    Quitting from lines 494-516 (eventTrack.Rmd)
    Error: processing vignette 'eventTrack.Rmd' failed with diagnostics:
    data must be a numeric vector of length greater than 1 for non censored data or a dataframe with two columns named left and right and more than one line for censored data
    --- failed re-building ‘eventTrack.Rmd’
    
    SUMMARY: processing the following file failed:
     ‘eventTrack.Rmd’
    
    Error: Vignette re-building failed.
    Execution halted
Flavor: r-devel-linux-x86_64-fedora-gcc