CRAN Package Check Results for Package evmix

Last updated on 2020-05-28 01:53:16 CEST.

Flavor Version Tinstall Tcheck Ttotal Status Flags
r-devel-linux-x86_64-debian-clang 2.12 31.72 178.55 210.27 OK
r-devel-linux-x86_64-debian-gcc 2.12 26.56 132.28 158.84 OK
r-devel-linux-x86_64-fedora-clang 2.12 253.25 OK
r-devel-linux-x86_64-fedora-gcc 2.12 253.19 OK
r-devel-windows-ix86+x86_64 2.12 58.00 200.00 258.00 OK
r-patched-linux-x86_64 2.12 28.48 178.63 207.11 OK
r-patched-solaris-x86 2.12 263.30 NOTE
r-release-linux-x86_64 2.12 31.22 178.85 210.07 OK
r-release-osx-x86_64 2.12 OK
r-release-windows-ix86+x86_64 2.12 36.00 214.00 250.00 OK
r-oldrel-osx-x86_64 2.12 OK
r-oldrel-windows-ix86+x86_64 2.12 53.00 154.00 207.00 OK

Check Details

Version: 2.12
Check: installed package size
Result: NOTE
     installed size is 5.3Mb
     sub-directories of 1Mb or more:
     R 1.3Mb
     doc 3.1Mb
Flavor: r-patched-solaris-x86