CRAN Package Check Results for Package evolqg

Last updated on 2019-12-09 01:48:58 CET.

Flavor Version Tinstall Tcheck Ttotal Status Flags
r-devel-linux-x86_64-debian-clang 0.2-6 34.86 317.42 352.28 NOTE
r-devel-linux-x86_64-debian-gcc 0.2-6 27.57 232.78 260.35 NOTE
r-devel-linux-x86_64-fedora-clang 0.2-6 407.20 NOTE
r-devel-linux-x86_64-fedora-gcc 0.2-6 383.48 NOTE
r-devel-windows-ix86+x86_64 0.2-6 72.00 718.00 790.00 OK
r-devel-windows-ix86+x86_64-gcc8 0.2-6 80.00 545.00 625.00 OK
r-patched-linux-x86_64 0.2-6 31.11 275.92 307.03 OK
r-patched-solaris-x86 0.2-6 491.80 NOTE
r-release-linux-x86_64 0.2-6 28.62 274.91 303.53 OK
r-release-windows-ix86+x86_64 0.2-6 69.00 485.00 554.00 OK
r-release-osx-x86_64 0.2-6 NOTE
r-oldrel-windows-ix86+x86_64 0.2-6 56.00 543.00 599.00 OK
r-oldrel-osx-x86_64 0.2-6 NOTE

Check Details

Version: 0.2-6
Check: for non-standard things in the check directory
Result: NOTE
    Found the following files/directories:
     'matrix.csv'
Flavors: r-devel-linux-x86_64-debian-clang, r-devel-linux-x86_64-debian-gcc, r-devel-linux-x86_64-fedora-clang, r-devel-linux-x86_64-fedora-gcc

Version: 0.2-6
Check: dependencies in R code
Result: NOTE
    Namespace in Imports field not imported from: ‘Rcpp’
     All declared Imports should be used.
Flavors: r-devel-linux-x86_64-fedora-clang, r-devel-linux-x86_64-fedora-gcc, r-patched-solaris-x86, r-release-osx-x86_64, r-oldrel-osx-x86_64