CRAN Package Check Results for Package evolqg

Last updated on 2022-01-28 00:48:53 CET.

Flavor Version Tinstall Tcheck Ttotal Status Flags
r-devel-linux-x86_64-debian-clang 0.2-9 44.31 353.78 398.09 OK
r-devel-linux-x86_64-debian-gcc 0.2-9 34.16 256.95 291.11 OK
r-devel-linux-x86_64-fedora-clang 0.2-9 466.78 NOTE
r-devel-linux-x86_64-fedora-gcc 0.2-9 469.57 OK
r-devel-windows-x86_64-new-UL 0.2-9 97.00 373.00 470.00 OK
r-devel-windows-x86_64-new-TK 0.2-9 OK
r-patched-linux-x86_64 0.2-9 48.19 326.82 375.01 OK
r-release-linux-x86_64 0.2-9 39.05 323.68 362.73 OK
r-release-macos-arm64 0.2-9 OK
r-release-macos-x86_64 0.2-9 OK
r-release-windows-ix86+x86_64 0.2-9 109.00 650.00 759.00 OK
r-oldrel-macos-x86_64 0.2-9 OK
r-oldrel-windows-ix86+x86_64 0.2-9 109.00 650.00 759.00 OK

Check Details

Version: 0.2-9
Check: Rd cross-references
Result: NOTE
    Undeclared package ‘PHENIX’ in Rd xrefs
Flavor: r-devel-linux-x86_64-fedora-clang