CRAN Package Check Results for Package evolqg

Last updated on 2020-07-14 02:06:49 CEST.

Flavor Version Tinstall Tcheck Ttotal Status Flags
r-devel-linux-x86_64-debian-clang 0.2-7 41.89 287.32 329.21 OK
r-devel-linux-x86_64-debian-gcc 0.2-7 30.39 206.41 236.80 OK
r-devel-linux-x86_64-fedora-clang 0.2-7 389.87 NOTE
r-devel-linux-x86_64-fedora-gcc 0.2-7 393.38 NOTE
r-devel-windows-ix86+x86_64 0.2-7 93.00 617.00 710.00 OK
r-patched-linux-x86_64 0.2-7 34.04 277.68 311.72 OK
r-patched-solaris-x86 0.2-7 465.60 NOTE
r-release-linux-x86_64 0.2-7 35.32 274.76 310.08 OK
r-release-macos-x86_64 0.2-7 ERROR
r-release-windows-ix86+x86_64 0.2-7 126.00 477.00 603.00 OK
r-oldrel-macos-x86_64 0.2-7 NOTE
r-oldrel-windows-ix86+x86_64 0.2-7 99.00 581.00 680.00 OK

Additional issues

MKL

Check Details

Version: 0.2-7
Check: dependencies in R code
Result: NOTE
    Namespace in Imports field not imported from: ‘Rcpp’
     All declared Imports should be used.
Flavors: r-devel-linux-x86_64-fedora-clang, r-devel-linux-x86_64-fedora-gcc, r-patched-solaris-x86, r-oldrel-macos-x86_64

Version: 0.2-7
Check: whether package can be installed
Result: ERROR
    Installation failed.
Flavor: r-release-macos-x86_64