CRAN Package Check Results for Package evt0

Last updated on 2021-06-22 01:49:13 CEST.

Flavor Version Tinstall Tcheck Ttotal Status Flags
r-devel-linux-x86_64-debian-clang 1.1-3 2.71 27.58 30.29 NOTE
r-devel-linux-x86_64-debian-gcc 1.1-3 2.19 21.79 23.98 NOTE
r-devel-linux-x86_64-fedora-clang 1.1-3 45.94 NOTE
r-devel-linux-x86_64-fedora-gcc 1.1-3 35.81 NOTE
r-devel-windows-x86_64 1.1-3 4.00 40.00 44.00 NOTE
r-devel-windows-x86_64-gcc10-UCRT 1.1-3 NOTE
r-patched-linux-x86_64 1.1-3 2.58 27.02 29.60 NOTE
r-patched-solaris-x86 1.1-3 54.00 NOTE
r-release-linux-x86_64 1.1-3 2.80 27.25 30.05 NOTE
r-release-macos-arm64 1.1-3 NOTE
r-release-macos-x86_64 1.1-3 NOTE
r-release-windows-ix86+x86_64 1.1-3 6.00 34.00 40.00 NOTE
r-oldrel-macos-x86_64 1.1-3 NOTE

Check Details

Version: 1.1-3
Check: dependencies in R code
Result: NOTE
    Package in Depends field not imported from: 'evd'
     These packages need to be imported from (in the NAMESPACE file)
     for when this namespace is loaded but not attached.
Flavors: r-devel-linux-x86_64-debian-clang, r-devel-linux-x86_64-debian-gcc, r-devel-linux-x86_64-fedora-clang, r-devel-linux-x86_64-fedora-gcc, r-devel-windows-x86_64, r-devel-windows-x86_64-gcc10-UCRT, r-patched-linux-x86_64, r-patched-solaris-x86, r-release-linux-x86_64, r-release-macos-arm64, r-release-macos-x86_64, r-release-windows-ix86+x86_64, r-oldrel-macos-x86_64

Version: 1.1-3
Check: R code for possible problems
Result: NOTE
    DPOT: no visible global function definition for 'optim'
    mop.rho: no visible global function definition for 'median'
    Undefined global functions or variables:
     median optim
    Consider adding
     importFrom("stats", "median", "optim")
    to your NAMESPACE file.
Flavors: r-devel-linux-x86_64-debian-clang, r-devel-linux-x86_64-debian-gcc, r-devel-linux-x86_64-fedora-clang, r-devel-linux-x86_64-fedora-gcc, r-devel-windows-x86_64, r-devel-windows-x86_64-gcc10-UCRT, r-patched-linux-x86_64, r-patched-solaris-x86, r-release-linux-x86_64, r-release-macos-arm64, r-release-macos-x86_64, r-release-windows-ix86+x86_64, r-oldrel-macos-x86_64