Last updated on 2023-12-09 07:49:31 CET.
Flavor | Version | Tinstall | Tcheck | Ttotal | Status | Flags |
---|---|---|---|---|---|---|
r-devel-linux-x86_64-debian-clang | 0.3.0 | 8.58 | 68.66 | 77.24 | NOTE | |
r-devel-linux-x86_64-debian-gcc | 0.3.0 | 6.37 | 50.47 | 56.84 | NOTE | |
r-devel-linux-x86_64-fedora-clang | 0.3.0 | 92.96 | NOTE | |||
r-devel-linux-x86_64-fedora-gcc | 0.3.0 | 88.04 | NOTE | |||
r-devel-windows-x86_64 | 0.3.0 | 8.00 | 90.00 | 98.00 | NOTE | |
r-patched-linux-x86_64 | 0.3.0 | 8.31 | 64.11 | 72.42 | NOTE | |
r-release-linux-x86_64 | 0.3.0 | 8.36 | 65.06 | 73.42 | NOTE | |
r-release-macos-arm64 | 0.3.0 | 30.00 | NOTE | |||
r-release-macos-x86_64 | 0.3.0 | 44.00 | NOTE | |||
r-release-windows-x86_64 | 0.3.0 | 11.00 | 106.00 | 117.00 | NOTE | |
r-oldrel-macos-arm64 | 0.3.0 | 36.00 | NOTE | |||
r-oldrel-macos-x86_64 | 0.3.0 | 45.00 | NOTE | |||
r-oldrel-windows-x86_64 | 0.3.0 | 11.00 | 104.00 | 115.00 | NOTE |
Version: 0.3.0
Check: Rd files
Result: NOTE
checkRd: (-1) stop_rule.Rd:20: Lost braces in \itemize; \value handles \item{}{} directly
checkRd: (-1) stop_rule.Rd:21: Lost braces in \itemize; \value handles \item{}{} directly
checkRd: (-1) stop_rule.Rd:22: Lost braces in \itemize; \value handles \item{}{} directly
checkRd: (-1) stop_rule.Rd:23: Lost braces in \itemize; \value handles \item{}{} directly
Flavors: r-devel-linux-x86_64-debian-clang, r-devel-linux-x86_64-debian-gcc
Version: 0.3.0
Check: LazyData
Result: NOTE
'LazyData' is specified without a 'data' directory
Flavors: r-devel-linux-x86_64-debian-clang, r-devel-linux-x86_64-debian-gcc, r-devel-linux-x86_64-fedora-clang, r-devel-linux-x86_64-fedora-gcc, r-devel-windows-x86_64, r-patched-linux-x86_64, r-release-linux-x86_64, r-release-macos-arm64, r-release-macos-x86_64, r-release-windows-x86_64, r-oldrel-macos-arm64, r-oldrel-macos-x86_64, r-oldrel-windows-x86_64
Version: 0.3.0
Check: dependencies in R code
Result: NOTE
Namespace in Imports field not imported from: ‘parallel’
All declared Imports should be used.
Flavors: r-devel-linux-x86_64-fedora-clang, r-devel-linux-x86_64-fedora-gcc, r-oldrel-macos-arm64, r-oldrel-macos-x86_64