Last updated on 2023-12-04 07:50:54 CET.
Flavor | Version | Tinstall | Tcheck | Ttotal | Status | Flags |
---|---|---|---|---|---|---|
r-devel-linux-x86_64-debian-clang | 1.6.8 | 9.46 | 109.42 | 118.88 | NOTE | |
r-devel-linux-x86_64-debian-gcc | 1.6.8 | 7.46 | 81.40 | 88.86 | NOTE | |
r-devel-linux-x86_64-fedora-clang | 1.6.8 | 147.33 | NOTE | |||
r-devel-linux-x86_64-fedora-gcc | 1.6.8 | 156.36 | NOTE | |||
r-devel-windows-x86_64 | 1.6.8 | 9.00 | 144.00 | 153.00 | NOTE | |
r-patched-linux-x86_64 | 1.6.8 | 14.92 | 107.78 | 122.70 | OK | |
r-release-linux-x86_64 | 1.6.8 | 7.61 | 106.11 | 113.72 | OK | |
r-release-macos-arm64 | 1.6.8 | 59.00 | OK | |||
r-release-macos-x86_64 | 1.6.8 | 97.00 | OK | |||
r-release-windows-x86_64 | 1.6.8 | 12.00 | 146.00 | 158.00 | OK | |
r-oldrel-macos-arm64 | 1.6.8 | 40.00 | OK | |||
r-oldrel-macos-x86_64 | 1.6.8 | 69.00 | OK | |||
r-oldrel-windows-x86_64 | 1.6.8 | 11.00 | 150.00 | 161.00 | OK |
Version: 1.6.8
Check: Rd \usage sections
Result: NOTE
Documented arguments not in \usage in Rd file 'borrOrderingInternal.Rd':
‘n.cntrl’
Functions with \usage entries need to have the appropriate \alias
entries, and all their arguments documented.
The \usage entries must correspond to syntactically valid R code.
See chapter ‘Writing R documentation files’ in the ‘Writing R
Extensions’ manual.
Flavors: r-devel-linux-x86_64-debian-clang, r-devel-linux-x86_64-debian-gcc, r-devel-linux-x86_64-fedora-clang, r-devel-linux-x86_64-fedora-gcc, r-devel-windows-x86_64