Last updated on 2023-10-01 08:51:58 CEST.
Flavor | Version | Tinstall | Tcheck | Ttotal | Status | Flags |
---|---|---|---|---|---|---|
r-devel-linux-x86_64-debian-clang | 1.2.0 | 869.33 | 370.84 | 1240.17 | NOTE | |
r-devel-linux-x86_64-debian-gcc | 1.2.0 | 728.79 | 311.79 | 1040.58 | NOTE | |
r-devel-linux-x86_64-fedora-clang | 1.2.0 | 1567.81 | NOTE | |||
r-devel-linux-x86_64-fedora-gcc | 1.2.0 | 1972.11 | NOTE | |||
r-devel-windows-x86_64 | 1.2.0 | 694.00 | 319.00 | 1013.00 | NOTE | |
r-patched-linux-x86_64 | 1.2.0 | 757.77 | 389.83 | 1147.60 | NOTE | |
r-release-linux-x86_64 | 1.2.0 | 686.12 | 407.95 | 1094.07 | NOTE | |
r-release-macos-arm64 | 1.2.0 | 311.00 | NOTE | |||
r-release-macos-x86_64 | 1.2.0 | 376.00 | NOTE | |||
r-release-windows-x86_64 | 1.2.0 | 864.00 | 417.00 | 1281.00 | NOTE | |
r-oldrel-macos-arm64 | 1.2.0 | 297.00 | NOTE | |||
r-oldrel-macos-x86_64 | 1.2.0 | 452.00 | NOTE | |||
r-oldrel-windows-x86_64 | 1.2.0 | 828.00 | 382.00 | 1210.00 | NOTE |
Version: 1.2.0
Check: for GNU extensions in Makefiles
Result: NOTE
GNU make is a SystemRequirements.
Flavors: r-devel-linux-x86_64-debian-clang, r-devel-linux-x86_64-debian-gcc, r-devel-linux-x86_64-fedora-clang, r-devel-linux-x86_64-fedora-gcc, r-devel-windows-x86_64, r-patched-linux-x86_64, r-release-linux-x86_64, r-release-macos-arm64, r-release-macos-x86_64, r-release-windows-x86_64, r-oldrel-macos-arm64, r-oldrel-macos-x86_64, r-oldrel-windows-x86_64
Version: 1.2.0
Check: installed package size
Result: NOTE
installed size is 9.0Mb
sub-directories of 1Mb or more:
libs 6.7Mb
Flavors: r-devel-linux-x86_64-fedora-clang, r-devel-windows-x86_64, r-release-macos-arm64, r-release-macos-x86_64, r-release-windows-x86_64, r-oldrel-macos-arm64, r-oldrel-macos-x86_64, r-oldrel-windows-x86_64
Version: 1.2.0
Check: dependencies in R code
Result: NOTE
Namespaces in Imports field not imported from:
‘RcppParallel’ ‘rstantools’
All declared Imports should be used.
Flavors: r-devel-linux-x86_64-fedora-clang, r-devel-linux-x86_64-fedora-gcc