Last updated on 2023-11-30 07:52:34 CET.
Flavor | Version | Tinstall | Tcheck | Ttotal | Status | Flags |
---|---|---|---|---|---|---|
r-devel-linux-x86_64-debian-clang | 1.0 | 10.35 | 135.12 | 145.47 | OK | |
r-devel-linux-x86_64-debian-gcc | 1.0 | 8.14 | 99.86 | 108.00 | OK | |
r-devel-linux-x86_64-fedora-clang | 1.0 | 171.10 | NOTE | |||
r-devel-linux-x86_64-fedora-gcc | 1.0 | 101.32 | NOTE | |||
r-devel-windows-x86_64 | 1.0 | 9.00 | 151.00 | 160.00 | OK | |
r-patched-linux-x86_64 | 1.0 | 9.00 | 126.84 | 135.84 | OK | |
r-release-linux-x86_64 | 1.0 | 11.30 | 127.02 | 138.32 | OK | |
r-release-macos-arm64 | 1.0 | 307.00 | OK | |||
r-release-macos-x86_64 | 1.0 | 297.00 | OK | |||
r-release-windows-x86_64 | 1.0 | 14.00 | 177.00 | 191.00 | OK | |
r-oldrel-macos-arm64 | 1.0 | 279.00 | OK | |||
r-oldrel-macos-x86_64 | 1.0 | 320.00 | OK | |||
r-oldrel-windows-x86_64 | 1.0 | 13.00 | 182.00 | 195.00 | OK |
Version: 1.0
Check: data for non-ASCII characters
Result: NOTE
Note: found 1 marked UTF-8 string
Flavors: r-devel-linux-x86_64-fedora-clang, r-devel-linux-x86_64-fedora-gcc