Last updated on 2023-01-31 00:50:57 CET.
Flavor | Version | Tinstall | Tcheck | Ttotal | Status | Flags |
---|---|---|---|---|---|---|
r-devel-linux-x86_64-debian-clang | 1.9.1 | 486.30 | 97.05 | 583.35 | NOTE | |
r-devel-linux-x86_64-debian-gcc | 1.9.1 | 323.74 | 76.04 | 399.78 | NOTE | |
r-devel-linux-x86_64-fedora-clang | 1.9.1 | 924.79 | NOTE | |||
r-devel-linux-x86_64-fedora-gcc | 1.9.1 | 778.03 | NOTE | |||
r-devel-windows-x86_64 | 1.9.1 | 606.00 | 175.00 | 781.00 | NOTE | |
r-patched-linux-x86_64 | 1.9.1 | 382.70 | 91.19 | 473.89 | NOTE | |
r-release-linux-x86_64 | 1.9.1 | 412.05 | 91.79 | 503.84 | NOTE | |
r-release-macos-arm64 | 1.9.1 | 153.00 | NOTE | |||
r-release-macos-x86_64 | 1.9.1 | 228.00 | NOTE | |||
r-release-windows-x86_64 | 1.9.1 | 437.00 | 159.00 | 596.00 | NOTE | |
r-oldrel-macos-arm64 | 1.9.1 | 175.00 | NOTE | |||
r-oldrel-macos-x86_64 | 1.9.1 | 235.00 | NOTE | |||
r-oldrel-windows-ix86+x86_64 | 1.9.1 | 1103.00 | 232.00 | 1335.00 | NOTE |
Version: 1.9.1
Check: LazyData
Result: NOTE
'LazyData' is specified without a 'data' directory
Flavors: r-devel-linux-x86_64-debian-clang, r-devel-linux-x86_64-debian-gcc, r-devel-linux-x86_64-fedora-clang, r-devel-linux-x86_64-fedora-gcc, r-devel-windows-x86_64, r-patched-linux-x86_64, r-release-linux-x86_64, r-release-macos-arm64, r-release-macos-x86_64, r-release-windows-x86_64, r-oldrel-macos-arm64, r-oldrel-macos-x86_64, r-oldrel-windows-ix86+x86_64
Version: 1.9.1
Check: C++ specification
Result: NOTE
Specified C++11: please update to current default of C++17
Flavors: r-devel-linux-x86_64-debian-gcc, r-devel-linux-x86_64-fedora-clang, r-devel-linux-x86_64-fedora-gcc, r-devel-windows-x86_64
Version: 1.9.1
Check: installed package size
Result: NOTE
installed size is 12.3Mb
sub-directories of 1Mb or more:
libs 11.7Mb
Flavors: r-release-macos-arm64, r-release-macos-x86_64, r-oldrel-macos-arm64, r-oldrel-macos-x86_64