CRAN Package Check Results for Package extraDistr

Last updated on 2021-02-25 00:47:39 CET.

Flavor Version Tinstall Tcheck Ttotal Status Flags
r-devel-linux-x86_64-debian-clang 1.9.1 526.99 91.95 618.94 OK
r-devel-linux-x86_64-debian-gcc 1.9.1 301.83 69.76 371.59 OK
r-devel-linux-x86_64-fedora-clang 1.9.1 856.19 NOTE
r-devel-linux-x86_64-fedora-gcc 1.9.1 704.21 OK
r-devel-windows-ix86+x86_64 1.9.1 839.00 174.00 1013.00 OK
r-patched-linux-x86_64 1.9.1 380.21 86.43 466.64 OK
r-patched-solaris-x86 1.9.1 648.10 OK
r-release-linux-x86_64 1.9.1 380.62 86.79 467.41 OK
r-release-macos-x86_64 1.9.1 NOTE
r-release-windows-ix86+x86_64 1.9.1 907.00 229.00 1136.00 OK
r-oldrel-macos-x86_64 1.9.1 NOTE
r-oldrel-windows-ix86+x86_64 1.9.1 758.00 223.00 981.00 OK

Check Details

Version: 1.9.1
Check: installed package size
Result: NOTE
     installed size is 18.3Mb
     sub-directories of 1Mb or more:
     libs 17.7Mb
Flavors: r-devel-linux-x86_64-fedora-clang, r-release-macos-x86_64, r-oldrel-macos-x86_64