Last updated on 2023-11-28 07:53:01 CET.
Flavor | Version | Tinstall | Tcheck | Ttotal | Status | Flags |
---|---|---|---|---|---|---|
r-devel-linux-x86_64-debian-clang | 0.4.0 | 8.62 | 73.56 | 82.18 | NOTE | |
r-devel-linux-x86_64-debian-gcc | 0.4.0 | 7.14 | 54.90 | 62.04 | NOTE | |
r-devel-linux-x86_64-fedora-clang | 0.4.0 | 101.02 | OK | |||
r-devel-linux-x86_64-fedora-gcc | 0.4.0 | 107.12 | OK | |||
r-devel-windows-x86_64 | 0.4.0 | 9.00 | 76.00 | 85.00 | OK | |
r-patched-linux-x86_64 | 0.4.0 | 9.04 | 68.36 | 77.40 | OK | |
r-release-linux-x86_64 | 0.4.0 | 9.02 | 67.61 | 76.63 | OK | |
r-release-macos-arm64 | 0.4.0 | 32.00 | OK | |||
r-release-macos-x86_64 | 0.4.0 | 103.00 | OK | |||
r-release-windows-x86_64 | 0.4.0 | 11.00 | 88.00 | 99.00 | OK | |
r-oldrel-macos-arm64 | 0.4.0 | 29.00 | OK | |||
r-oldrel-macos-x86_64 | 0.4.0 | 43.00 | OK | |||
r-oldrel-windows-x86_64 | 0.4.0 | 11.00 | 83.00 | 94.00 | OK |
Version: 0.4.0
Check: Rd files
Result: NOTE
checkRd: (-1) make_exvadec.Rd:21: Lost braces
21 | (e.g., \code{"USA"}, code{"NAFTA"}, etc.). The default \code{"all"}
| ^
Flavors: r-devel-linux-x86_64-debian-clang, r-devel-linux-x86_64-debian-gcc