Last updated on 2023-01-27 00:51:01 CET.
Flavor | Version | Tinstall | Tcheck | Ttotal | Status | Flags |
---|---|---|---|---|---|---|
r-devel-linux-x86_64-debian-clang | 0.2.0 | 9.69 | 639.37 | 649.06 | NOTE | |
r-devel-linux-x86_64-debian-gcc | 0.2.0 | 8.53 | 452.43 | 460.96 | NOTE | |
r-devel-linux-x86_64-fedora-clang | 0.2.0 | 731.03 | NOTE | |||
r-devel-linux-x86_64-fedora-gcc | 0.2.0 | 725.69 | NOTE | |||
r-devel-windows-x86_64 | 0.2.0 | 91.00 | 619.00 | 710.00 | NOTE | |
r-patched-linux-x86_64 | 0.2.0 | 9.63 | 592.18 | 601.81 | OK | |
r-release-linux-x86_64 | 0.2.0 | 7.05 | 577.77 | 584.82 | OK | |
r-release-macos-arm64 | 0.2.0 | 156.00 | NOTE | |||
r-release-macos-x86_64 | 0.2.0 | 318.00 | NOTE | |||
r-release-windows-x86_64 | 0.2.0 | 68.00 | 595.00 | 663.00 | NOTE | |
r-oldrel-macos-arm64 | 0.2.0 | 168.00 | NOTE | |||
r-oldrel-macos-x86_64 | 0.2.0 | 202.00 | NOTE | |||
r-oldrel-windows-ix86+x86_64 | 0.2.0 | 22.00 | 662.00 | 684.00 | NOTE |
Version: 0.2.0
Check: package subdirectories
Result: NOTE
Problems with news in ‘NEWS.md’:
No news entries found.
Flavors: r-devel-linux-x86_64-debian-clang, r-devel-linux-x86_64-debian-gcc, r-devel-linux-x86_64-fedora-clang, r-devel-linux-x86_64-fedora-gcc, r-devel-windows-x86_64
Version: 0.2.0
Check: dependencies in R code
Result: NOTE
Namespace in Imports field not imported from: ‘rlang’
All declared Imports should be used.
Flavors: r-devel-linux-x86_64-fedora-clang, r-devel-linux-x86_64-fedora-gcc, r-release-macos-arm64, r-release-macos-x86_64, r-oldrel-macos-arm64, r-oldrel-macos-x86_64
Version: 0.2.0
Check: package dependencies
Result: NOTE
Package suggested but not available for checking: 'doMC'
Flavors: r-devel-windows-x86_64, r-release-windows-x86_64, r-oldrel-windows-ix86+x86_64