CRAN Package Check Results for Package ezpickr

Last updated on 2021-12-09 00:51:39 CET.

Flavor Version Tinstall Tcheck Ttotal Status Flags
r-devel-linux-x86_64-debian-clang 2.1.0 2.42 34.75 37.17 NOTE
r-devel-linux-x86_64-debian-gcc 2.1.0 1.92 27.55 29.47 NOTE
r-devel-linux-x86_64-fedora-clang 2.1.0 47.59 NOTE
r-devel-linux-x86_64-fedora-gcc 2.1.0 35.98 NOTE
r-devel-windows-x86_64-new-UL 2.1.0 7.00 69.00 76.00 NOTE
r-devel-windows-x86_64-new-TK 2.1.0 NOTE
r-devel-windows-x86_64-old 2.1.0 5.00 52.00 57.00 NOTE
r-patched-linux-x86_64 2.1.0 1.54 33.03 34.57 NOTE
r-release-linux-x86_64 2.1.0 1.87 33.32 35.19 NOTE
r-release-macos-arm64 2.1.0 NOTE
r-release-macos-x86_64 2.1.0 NOTE
r-release-windows-ix86+x86_64 2.1.0 5.00 43.00 48.00 NOTE
r-oldrel-macos-x86_64 2.1.0 OK
r-oldrel-windows-ix86+x86_64 2.1.0 6.00 53.00 59.00 OK

Check Details

Version: 2.1.0
Check: LazyData
Result: NOTE
     'LazyData' is specified without a 'data' directory
Flavors: r-devel-linux-x86_64-debian-clang, r-devel-linux-x86_64-debian-gcc, r-devel-linux-x86_64-fedora-clang, r-devel-linux-x86_64-fedora-gcc, r-devel-windows-x86_64-new-UL, r-devel-windows-x86_64-new-TK, r-devel-windows-x86_64-old, r-patched-linux-x86_64, r-release-linux-x86_64, r-release-macos-arm64, r-release-macos-x86_64, r-release-windows-ix86+x86_64