CRAN Package Check Results for Package fTrading

Last updated on 2021-04-18 01:49:20 CEST.

Flavor Version Tinstall Tcheck Ttotal Status Flags
r-devel-linux-x86_64-debian-clang 3042.79 6.56 54.94 61.50 NOTE
r-devel-linux-x86_64-debian-gcc 3042.79 5.19 42.12 47.31 NOTE
r-devel-linux-x86_64-fedora-clang 3042.79 80.66 NOTE
r-devel-linux-x86_64-fedora-gcc 3042.79 69.95 NOTE
r-devel-windows-ix86+x86_64 3042.79 13.00 75.00 88.00 NOTE
r-devel-windows-x86_64-gcc10-UCRT 3042.79 NOTE
r-patched-linux-x86_64 3042.79 5.78 50.77 56.55 OK
r-patched-solaris-x86 3042.79 102.10 OK
r-release-linux-x86_64 3042.79 6.51 51.80 58.31 OK
r-release-macos-x86_64 3042.79 OK
r-release-windows-ix86+x86_64 3042.79 12.00 78.00 90.00 OK
r-oldrel-macos-x86_64 3042.79 OK
r-oldrel-windows-ix86+x86_64 3042.79 8.00 68.00 76.00 OK

Check Details

Version: 3042.79
Check: LazyData
Result: NOTE
     'LazyData' is specified without a 'data' directory
Flavors: r-devel-linux-x86_64-debian-clang, r-devel-linux-x86_64-debian-gcc, r-devel-linux-x86_64-fedora-clang, r-devel-linux-x86_64-fedora-gcc, r-devel-windows-ix86+x86_64, r-devel-windows-x86_64-gcc10-UCRT