CRAN Package Check Results for Package fTrading

Last updated on 2021-11-30 00:51:29 CET.

Flavor Version Tinstall Tcheck Ttotal Status Flags
r-devel-linux-x86_64-debian-clang 3042.79 5.52 52.32 57.84 NOTE
r-devel-linux-x86_64-debian-gcc 3042.79 3.24 40.55 43.79 NOTE
r-devel-linux-x86_64-fedora-clang 3042.79 81.35 NOTE
r-devel-linux-x86_64-fedora-gcc 3042.79 69.61 NOTE
r-devel-windows-x86_64-new-UL 3042.79 13.00 87.00 100.00 NOTE
r-devel-windows-x86_64-new-TK 3042.79 NOTE
r-devel-windows-x86_64-old 3042.79 9.00 56.00 65.00 NOTE
r-patched-linux-x86_64 3042.79 6.60 50.11 56.71 NOTE
r-patched-solaris-x86 3042.79 103.30 NOTE
r-release-linux-x86_64 3042.79 6.36 50.23 56.59 NOTE
r-release-macos-arm64 3042.79 NOTE
r-release-macos-x86_64 3042.79 NOTE
r-release-windows-ix86+x86_64 3042.79 12.00 54.00 66.00 NOTE
r-oldrel-macos-x86_64 3042.79 OK
r-oldrel-windows-ix86+x86_64 3042.79 10.00 65.00 75.00 OK

Check Details

Version: 3042.79
Check: LazyData
Result: NOTE
     'LazyData' is specified without a 'data' directory
Flavors: r-devel-linux-x86_64-debian-clang, r-devel-linux-x86_64-debian-gcc, r-devel-linux-x86_64-fedora-clang, r-devel-linux-x86_64-fedora-gcc, r-devel-windows-x86_64-new-UL, r-devel-windows-x86_64-new-TK, r-devel-windows-x86_64-old, r-patched-linux-x86_64, r-patched-solaris-x86, r-release-linux-x86_64, r-release-macos-arm64, r-release-macos-x86_64, r-release-windows-ix86+x86_64