CRAN Package Check Results for Package fable.prophet

Last updated on 2023-09-22 07:57:31 CEST.

Flavor Version Tinstall Tcheck Ttotal Status Flags
r-devel-linux-x86_64-debian-clang 0.1.0 9.27 152.19 161.46 NOTE
r-devel-linux-x86_64-debian-gcc 0.1.0 6.77 108.14 114.91 NOTE
r-devel-linux-x86_64-fedora-clang 0.1.0 191.28 NOTE
r-devel-linux-x86_64-fedora-gcc 0.1.0 198.56 NOTE
r-devel-windows-x86_64 0.1.0 10.00 127.00 137.00 NOTE
r-patched-linux-x86_64 0.1.0 7.47 141.80 149.27 NOTE
r-release-linux-x86_64 0.1.0 5.84 141.82 147.66 NOTE
r-release-macos-arm64 0.1.0 58.00 NOTE
r-release-macos-x86_64 0.1.0 84.00 NOTE
r-release-windows-x86_64 0.1.0 13.00 150.00 163.00 NOTE
r-oldrel-macos-arm64 0.1.0 54.00 NOTE
r-oldrel-macos-x86_64 0.1.0 96.00 NOTE
r-oldrel-windows-x86_64 0.1.0 12.00 154.00 166.00 NOTE

Check Details

Version: 0.1.0
Check: LazyData
Result: NOTE
     'LazyData' is specified without a 'data' directory
Flavors: r-devel-linux-x86_64-debian-clang, r-devel-linux-x86_64-debian-gcc, r-devel-linux-x86_64-fedora-clang, r-devel-linux-x86_64-fedora-gcc, r-devel-windows-x86_64, r-patched-linux-x86_64, r-release-linux-x86_64, r-release-macos-arm64, r-release-macos-x86_64, r-release-windows-x86_64, r-oldrel-macos-arm64, r-oldrel-macos-x86_64, r-oldrel-windows-x86_64

Version: 0.1.0
Check: Rd cross-references
Result: NOTE
    Undeclared package ‘tibble’ in Rd xrefs
Flavor: r-devel-linux-x86_64-fedora-clang