CRAN Package Check Results for Package facmodCS

Last updated on 2024-03-04 07:48:27 CET.

Flavor Version Tinstall Tcheck Ttotal Status Flags
r-devel-linux-x86_64-debian-clang 1.0 15.82 73.45 89.27 NOTE
r-devel-linux-x86_64-debian-gcc 1.0 12.63 56.18 68.81 NOTE
r-devel-linux-x86_64-fedora-clang 1.0 115.30 NOTE
r-devel-linux-x86_64-fedora-gcc 1.0 108.91 NOTE
r-devel-windows-x86_64 1.0 14.00 74.00 88.00 NOTE
r-patched-linux-x86_64 1.0 16.37 71.38 87.75 OK
r-release-linux-x86_64 1.0 15.14 70.35 85.49 OK
r-release-macos-arm64 1.0 31.00 OK
r-release-macos-x86_64 1.0 93.00 OK
r-release-windows-x86_64 1.0 19.00 87.00 106.00 OK
r-oldrel-macos-arm64 1.0 34.00 OK
r-oldrel-windows-x86_64 1.0 19.00 85.00 104.00 OK

Check Details

Version: 1.0
Check: Rd files
Result: NOTE checkRd: (-1) fmCov.Rd:37: Lost braces; missing escapes or markup? 37 | where, \code{alpha(i)} is the intercept, \code{f(t)} is a {K x 1} vector of | ^ checkRd: (-1) plot.ffm.Rd:82: Lost braces; missing escapes or markup? 82 | \item{las}{one of {0, 1, 2, 3} to set the direction of axis labels, same as | ^ checkRd: (-1) summary.ffm.Rd:39: Lost braces; missing escapes or markup? 39 | Returned object is of class {summary.ffm}. | ^ Flavors: r-devel-linux-x86_64-debian-clang, r-devel-linux-x86_64-debian-gcc, r-devel-linux-x86_64-fedora-clang, r-devel-linux-x86_64-fedora-gcc, r-devel-windows-x86_64

Version: 1.0
Check: Rd cross-references
Result: NOTE Undeclared package ‘strucchange’ in Rd xrefs Flavor: r-devel-linux-x86_64-fedora-clang