Last updated on 2019-12-06 00:49:55 CET.
Flavor | Version | Tinstall | Tcheck | Ttotal | Status | Flags |
---|---|---|---|---|---|---|
r-devel-linux-x86_64-debian-clang | 0.1.2 | 24.98 | 44.26 | 69.24 | OK | |
r-devel-linux-x86_64-debian-gcc | 0.1.2 | 19.38 | 34.48 | 53.86 | OK | |
r-devel-linux-x86_64-fedora-clang | 0.1.2 | 86.71 | NOTE | |||
r-devel-linux-x86_64-fedora-gcc | 0.1.2 | 86.11 | NOTE | |||
r-devel-windows-ix86+x86_64 | 0.1.2 | 52.00 | 164.00 | 216.00 | OK | |
r-devel-windows-ix86+x86_64-gcc8 | 0.1.2 | 59.00 | 129.00 | 188.00 | OK | |
r-patched-linux-x86_64 | 0.1.2 | 21.55 | 40.42 | 61.97 | OK | |
r-patched-solaris-x86 | 0.1.2 | 194.20 | OK | |||
r-release-linux-x86_64 | 0.1.2 | 22.67 | 40.47 | 63.14 | OK | |
r-release-windows-ix86+x86_64 | 0.1.2 | 65.00 | 118.00 | 183.00 | OK | |
r-release-osx-x86_64 | 0.1.2 | OK | ||||
r-oldrel-windows-ix86+x86_64 | 0.1.2 | 41.00 | 151.00 | 192.00 | OK | |
r-oldrel-osx-x86_64 | 0.1.2 | OK |
Version: 0.1.2
Check: compiled code
Result: NOTE
File ‘factorcpt/libs/factorcpt.so’:
Found no calls to: ‘R_registerRoutines’, ‘R_useDynamicSymbols’
It is good practice to register native routines and to disable symbol
search.
See ‘Writing portable packages’ in the ‘Writing R Extensions’ manual.
Flavors: r-devel-linux-x86_64-fedora-clang, r-devel-linux-x86_64-fedora-gcc