CRAN Package Check Results for Package factorcpt

Last updated on 2020-07-09 01:57:30 CEST.

Flavor Version Tinstall Tcheck Ttotal Status Flags
r-devel-linux-x86_64-debian-clang 0.1.2 30.82 44.95 75.77 OK
r-devel-linux-x86_64-debian-gcc 0.1.2 23.11 34.91 58.02 OK
r-devel-linux-x86_64-fedora-clang 0.1.2 102.81 NOTE
r-devel-linux-x86_64-fedora-gcc 0.1.2 92.88 NOTE
r-devel-windows-ix86+x86_64 0.1.2 56.00 133.00 189.00 OK
r-patched-linux-x86_64 0.1.2 24.39 44.74 69.13 OK
r-patched-solaris-x86 0.1.2 205.90 OK
r-release-linux-x86_64 0.1.2 24.59 44.63 69.22 OK
r-release-osx-x86_64 0.1.2 OK
r-release-windows-ix86+x86_64 0.1.2 54.00 164.00 218.00 OK
r-oldrel-osx-x86_64 0.1.2 OK
r-oldrel-windows-ix86+x86_64 0.1.2 63.00 155.00 218.00 OK

Check Details

Version: 0.1.2
Check: compiled code
Result: NOTE
    File ‘factorcpt/libs/factorcpt.so’:
     Found no calls to: ‘R_registerRoutines’, ‘R_useDynamicSymbols’
    
    It is good practice to register native routines and to disable symbol
    search.
    
    See ‘Writing portable packages’ in the ‘Writing R Extensions’ manual.
Flavors: r-devel-linux-x86_64-fedora-clang, r-devel-linux-x86_64-fedora-gcc