Last updated on 2023-02-07 00:54:16 CET.
Flavor | Version | Tinstall | Tcheck | Ttotal | Status | Flags |
---|---|---|---|---|---|---|
r-devel-linux-x86_64-debian-clang | 1.0 | 2.55 | 45.00 | 47.55 | OK | |
r-devel-linux-x86_64-debian-gcc | 1.0 | 1.87 | 32.40 | 34.27 | OK | |
r-devel-linux-x86_64-fedora-clang | 1.0 | 59.29 | NOTE | |||
r-devel-linux-x86_64-fedora-gcc | 1.0 | 67.99 | NOTE | |||
r-devel-windows-x86_64 | 1.0 | 13.00 | 78.00 | 91.00 | OK | |
r-patched-linux-x86_64 | 1.0 | 2.54 | 41.90 | 44.44 | OK | |
r-release-linux-x86_64 | 1.0 | 2.69 | 43.75 | 46.44 | OK | |
r-release-macos-arm64 | 1.0 | 21.00 | NOTE | |||
r-release-macos-x86_64 | 1.0 | 39.00 | NOTE | |||
r-release-windows-x86_64 | 1.0 | 16.00 | 81.00 | 97.00 | OK | |
r-oldrel-macos-arm64 | 1.0 | 26.00 | NOTE | |||
r-oldrel-macos-x86_64 | 1.0 | 30.00 | NOTE | |||
r-oldrel-windows-ix86+x86_64 | 1.0 | 6.00 | 73.00 | 79.00 | OK |
Version: 1.0
Check: dependencies in R code
Result: NOTE
Namespace in Imports field not imported from: ‘dplyr’
All declared Imports should be used.
Flavors: r-devel-linux-x86_64-fedora-clang, r-devel-linux-x86_64-fedora-gcc, r-release-macos-arm64, r-release-macos-x86_64, r-oldrel-macos-arm64, r-oldrel-macos-x86_64