CRAN Package Check Results for Package fairmodels

Last updated on 2023-11-29 07:52:09 CET.

Flavor Version Tinstall Tcheck Ttotal Status Flags
r-devel-linux-x86_64-debian-clang 1.2.1 9.04 271.48 280.52 NOTE
r-devel-linux-x86_64-debian-gcc 1.2.1 7.54 199.71 207.25 NOTE
r-devel-linux-x86_64-fedora-clang 1.2.1 342.74 OK
r-devel-linux-x86_64-fedora-gcc 1.2.1 344.98 OK
r-devel-windows-x86_64 1.2.1 10.00 216.00 226.00 OK
r-patched-linux-x86_64 1.2.1 8.89 255.51 264.40 OK
r-release-linux-x86_64 1.2.1 6.33 254.76 261.09 OK
r-release-macos-arm64 1.2.1 109.00 OK
r-release-macos-x86_64 1.2.1 179.00 OK
r-release-windows-x86_64 1.2.1 13.00 269.00 282.00 OK
r-oldrel-macos-arm64 1.2.1 80.00 OK
r-oldrel-macos-x86_64 1.2.1 129.00 OK
r-oldrel-windows-x86_64 1.2.1 13.00 256.00 269.00 OK

Check Details

Version: 1.2.1
Check: Rd files
Result: NOTE checkRd: (-1) choose_metric.Rd:35: Lost braces in \itemize; \value handles \item{}{} directly checkRd: (-1) choose_metric.Rd:36: Lost braces in \itemize; \value handles \item{}{} directly checkRd: (-1) choose_metric.Rd:37: Lost braces in \itemize; \value handles \item{}{} directly checkRd: (-1) confusion_matrx.Rd:20: Lost braces in \itemize; \value handles \item{}{} directly checkRd: (-1) confusion_matrx.Rd:21: Lost braces in \itemize; \value handles \item{}{} directly checkRd: (-1) confusion_matrx.Rd:22: Lost braces in \itemize; \value handles \item{}{} directly checkRd: (-1) confusion_matrx.Rd:23: Lost braces in \itemize; \value handles \item{}{} directly checkRd: (-1) disparate_impact_remover.Rd:28: Lost braces 28 | pigeonholing. The number of pigeonholes is fixed and equal to min{101, unique(a)}, where a is vector with values for subgroup. So if some subgroup is not numerous and | ^ checkRd: (-1) fairness_check.Rd:47: Lost braces in \itemize; \value handles \item{}{} directly checkRd: (-1) fairness_check.Rd:48: Lost braces in \itemize; \value handles \item{}{} directly checkRd: (-1) fairness_check.Rd:49: Lost braces in \itemize; \value handles \item{}{} directly checkRd: (-1) fairness_check.Rd:50: Lost braces in \itemize; \value handles \item{}{} directly checkRd: (-1) fairness_check.Rd:51: Lost braces in \itemize; \value handles \item{}{} directly checkRd: (-1) fairness_check.Rd:52: Lost braces in \itemize; \value handles \item{}{} directly checkRd: (-1) fairness_check.Rd:53: Lost braces in \itemize; \value handles \item{}{} directly checkRd: (-1) fairness_check.Rd:54: Lost braces in \itemize; \value handles \item{}{} directly checkRd: (-1) fairness_check.Rd:55: Lost braces in \itemize; \value handles \item{}{} directly checkRd: (-1) fairness_check.Rd:56: Lost braces in \itemize; \value handles \item{}{} directly checkRd: (-1) fairness_check.Rd:57: Lost braces in \itemize; \value handles \item{}{} directly checkRd: (-1) fairness_check.Rd:58: Lost braces in \itemize; \value handles \item{}{} directly checkRd: (-1) fairness_check.Rd:61: Lost braces in \itemize; \value handles \item{}{} directly checkRd: (-1) fairness_check.Rd:62: Lost braces in \itemize; \value handles \item{}{} directly checkRd: (-1) fairness_check.Rd:63: Lost braces in \itemize; \value handles \item{}{} directly checkRd: (-1) fairness_check.Rd:64: Lost braces in \itemize; \value handles \item{}{} directly checkRd: (-1) fairness_check.Rd:65: Lost braces in \itemize; \value handles \item{}{} directly checkRd: (-1) fairness_check.Rd:66: Lost braces in \itemize; \value handles \item{}{} directly checkRd: (-1) fairness_heatmap.Rd:12: Lost braces 12 | \item{scale}{logical, if code{TRUE} metrics will be scaled to mean 0 and sd 1. Default \code{FALSE}} | ^ checkRd: (-1) fairness_heatmap.Rd:19: Lost braces in \itemize; \value handles \item{}{} directly checkRd: (-1) fairness_heatmap.Rd:20: Lost braces in \itemize; \value handles \item{}{} directly checkRd: (-1) fairness_heatmap.Rd:21: Lost braces in \itemize; \value handles \item{}{} directly checkRd: (-1) fairness_heatmap.Rd:22: Lost braces in \itemize; \value handles \item{}{} directly checkRd: (-1) fairness_pca.Rd:18: Lost braces in \itemize; \value handles \item{}{} directly checkRd: (-1) fairness_pca.Rd:19: Lost braces in \itemize; \value handles \item{}{} directly checkRd: (-1) fairness_pca.Rd:20: Lost braces in \itemize; \value handles \item{}{} directly checkRd: (-1) fairness_pca.Rd:21: Lost braces in \itemize; \value handles \item{}{} directly checkRd: (-1) fairness_pca.Rd:22: Lost braces in \itemize; \value handles \item{}{} directly checkRd: (-1) fairness_radar.Rd:18: Lost braces in \itemize; \value handles \item{}{} directly checkRd: (-1) fairness_radar.Rd:19: Lost braces in \itemize; \value handles \item{}{} directly checkRd: (-1) group_matrices.Rd:25: Lost braces in \itemize; \value handles \item{}{} directly checkRd: (-1) group_matrices.Rd:26: Lost braces in \itemize; \value handles \item{}{} directly checkRd: (-1) group_matrices.Rd:27: Lost braces in \itemize; \value handles \item{}{} directly checkRd: (-1) group_matrices.Rd:28: Lost braces in \itemize; \value handles \item{}{} directly checkRd: (-1) group_metric.Rd:30: Lost braces in \itemize; \value handles \item{}{} directly checkRd: (-1) group_metric.Rd:31: Lost braces in \itemize; \value handles \item{}{} directly checkRd: (-1) group_metric.Rd:32: Lost braces in \itemize; \value handles \item{}{} directly checkRd: (-1) group_metric.Rd:33: Lost braces in \itemize; \value handles \item{}{} directly checkRd: (-1) metric_scores.Rd:18: Lost braces in \itemize; \value handles \item{}{} directly checkRd: (-1) metric_scores.Rd:19: Lost braces in \itemize; \value handles \item{}{} directly checkRd: (-1) performance_and_fairness.Rd:20: Lost braces in \itemize; \value handles \item{}{} directly checkRd: (-1) performance_and_fairness.Rd:21: Lost braces in \itemize; \value handles \item{}{} directly checkRd: (-1) performance_and_fairness.Rd:22: Lost braces in \itemize; \value handles \item{}{} directly checkRd: (-1) performance_and_fairness.Rd:23: Lost braces in \itemize; \value handles \item{}{} directly Flavors: r-devel-linux-x86_64-debian-clang, r-devel-linux-x86_64-debian-gcc