CRAN Package Check Results for Package famSKATRC

Last updated on 2020-02-29 01:51:06 CET.

Flavor Version Tinstall Tcheck Ttotal Status Flags
r-devel-linux-x86_64-debian-clang 1.1.0 9.33 66.50 75.83 OK
r-devel-linux-x86_64-debian-gcc 1.1.0 7.00 51.62 58.62 OK
r-devel-linux-x86_64-fedora-clang 1.1.0 92.25 OK
r-devel-linux-x86_64-fedora-gcc 1.1.0 88.51 OK
r-devel-windows-ix86+x86_64 1.1.0 21.00 71.00 92.00 OK
r-devel-windows-ix86+x86_64-gcc8 1.1.0 16.00 77.00 93.00 OK
r-patched-linux-x86_64 1.1.0 6.52 58.54 65.06 NOTE
r-patched-solaris-x86 1.1.0 123.00 OK
r-release-linux-x86_64 1.1.0 8.39 58.36 66.75 NOTE
r-release-windows-ix86+x86_64 1.1.0 12.00 105.00 117.00 OK
r-release-osx-x86_64 1.1.0 OK
r-oldrel-windows-ix86+x86_64 1.1.0 6.00 69.00 75.00 OK
r-oldrel-osx-x86_64 1.1.0 WARN

Check Details

Version: 1.1.0
Check: DESCRIPTION meta-information
Result: NOTE
    Dependence on R version ‘3.4.1’ not with patchlevel 0
Flavors: r-patched-linux-x86_64, r-release-linux-x86_64

Version: 1.1.0
Check: examples
Result: WARN
    Found the following significant warnings:
    
     Warning: 'rBind' is deprecated.
    Deprecated functions may be defunct as soon as of the next release of
    R.
    See ?Deprecated.
Flavor: r-oldrel-osx-x86_64