CRAN Package Check Results for Package fancycut

Last updated on 2023-12-05 07:48:30 CET.

Flavor Version Tinstall Tcheck Ttotal Status Flags
r-devel-linux-x86_64-debian-clang 0.1.2 2.18 21.87 24.05 NOTE
r-devel-linux-x86_64-debian-gcc 0.1.2 1.47 17.13 18.60 NOTE
r-devel-linux-x86_64-fedora-clang 0.1.2 30.26 NOTE
r-devel-linux-x86_64-fedora-gcc 0.1.2 28.36 NOTE
r-devel-windows-x86_64 0.1.2 3.00 40.00 43.00 NOTE
r-patched-linux-x86_64 0.1.2 1.67 21.54 23.21 NOTE
r-release-linux-x86_64 0.1.2 1.87 22.28 24.15 NOTE
r-release-macos-arm64 0.1.2 15.00 NOTE
r-release-macos-x86_64 0.1.2 21.00 NOTE
r-release-windows-x86_64 0.1.2 4.00 39.00 43.00 NOTE
r-oldrel-macos-arm64 0.1.2 15.00 NOTE
r-oldrel-macos-x86_64 0.1.2 19.00 NOTE
r-oldrel-windows-x86_64 0.1.2 3.00 42.00 45.00 NOTE

Check Details

Version: 0.1.2
Check: LazyData
Result: NOTE 'LazyData' is specified without a 'data' directory Flavors: r-devel-linux-x86_64-debian-clang, r-devel-linux-x86_64-debian-gcc, r-devel-linux-x86_64-fedora-clang, r-devel-linux-x86_64-fedora-gcc, r-devel-windows-x86_64, r-patched-linux-x86_64, r-release-linux-x86_64, r-release-macos-arm64, r-release-macos-x86_64, r-release-windows-x86_64, r-oldrel-macos-arm64, r-oldrel-macos-x86_64, r-oldrel-windows-x86_64