Last updated on 2022-07-02 01:48:55 CEST.
Flavor | Version | Tinstall | Tcheck | Ttotal | Status | Flags |
---|---|---|---|---|---|---|
r-devel-linux-x86_64-debian-clang | 0.6-5 | 6.10 | 39.75 | 45.85 | OK | |
r-devel-linux-x86_64-debian-gcc | 0.6-5 | 4.97 | 29.83 | 34.80 | OK | |
r-devel-linux-x86_64-fedora-clang | 0.6-5 | 64.07 | NOTE | |||
r-devel-linux-x86_64-fedora-gcc | 0.6-5 | 63.06 | NOTE | |||
r-devel-windows-x86_64 | 0.6-5 | 22.00 | 68.00 | 90.00 | OK | |
r-patched-linux-x86_64 | 0.6-5 | 6.75 | 37.46 | 44.21 | OK | |
r-release-linux-x86_64 | 0.6-5 | 5.77 | 36.82 | 42.59 | OK | |
r-release-macos-arm64 | 0.6-5 | 20.00 | OK | |||
r-release-macos-x86_64 | 0.6-5 | 27.00 | OK | |||
r-release-windows-x86_64 | 0.6-5 | 26.00 | 65.00 | 91.00 | OK | |
r-oldrel-macos-arm64 | 0.6-5 | 30.00 | OK | |||
r-oldrel-macos-x86_64 | 0.6-5 | 35.00 | OK | |||
r-oldrel-windows-ix86+x86_64 | 0.6-5 | 13.00 | 68.00 | 81.00 | OK |
Version: 0.6-5
Check: compiled code
Result: NOTE
File ‘far/libs/far.so’:
Found no calls to: ‘R_registerRoutines’, ‘R_useDynamicSymbols’
It is good practice to register native routines and to disable symbol
search.
See ‘Writing portable packages’ in the ‘Writing R Extensions’ manual.
Flavors: r-devel-linux-x86_64-fedora-clang, r-devel-linux-x86_64-fedora-gcc