CRAN Package Check Results for Package farff

Last updated on 2020-05-28 01:53:16 CEST.

Flavor Version Tinstall Tcheck Ttotal Status Flags
r-devel-linux-x86_64-debian-clang 1.1 5.07 46.28 51.35 OK
r-devel-linux-x86_64-debian-gcc 1.1 3.91 36.18 40.09 OK
r-devel-linux-x86_64-fedora-clang 1.1 61.62 OK
r-devel-linux-x86_64-fedora-gcc 1.1 61.34 OK
r-devel-windows-ix86+x86_64 1.1 22.00 121.00 143.00 OK
r-patched-linux-x86_64 1.1 4.40 45.25 49.65 OK
r-patched-solaris-x86 1.1 80.20 ERROR
r-release-linux-x86_64 1.1 4.25 45.36 49.61 OK
r-release-osx-x86_64 1.1 OK
r-release-windows-ix86+x86_64 1.1 19.00 119.00 138.00 OK
r-oldrel-osx-x86_64 1.1 OK
r-oldrel-windows-ix86+x86_64 1.1 16.00 82.00 98.00 OK

Check Details

Version: 1.1
Check: package dependencies
Result: NOTE
    Package suggested but not available for checking: ‘RWeka’
Flavor: r-patched-solaris-x86

Version: 1.1
Check: Rd cross-references
Result: NOTE
    Package unavailable to check Rd xrefs: ‘RWeka’
Flavor: r-patched-solaris-x86

Version: 1.1
Check: tests
Result: ERROR
     Running ‘run-all.R’
    Running the tests in ‘tests/run-all.R’ failed.
    Complete output:
     > library(testthat)
     > test_check("farff")
     Loading required package: farff
     ── 1. Error: quick test with small arffs (@test_quick.R#6) ────────────────────
     there is no package called 'RWeka'
     Backtrace:
     1. farff:::compareRWeka(INST_ARFF_DIR, "iris.arff", data.reader = dreader)
     2. RWeka::read.arff /home/ripley/R/packages/tests32/farff.Rcheck/tests/helper.R:17:2
     3. base::getExportedValue(pkg, name)
     4. base::asNamespace(ns)
     5. base::getNamespace(ns)
     6. base::loadNamespace(name)
     7. base::withRestarts(stop(cond), retry_loadNamespace = function() NULL)
     8. base:::withOneRestart(expr, restarts[[1L]])
     9. base:::doWithOneRestart(return(expr), restart)
    
     ══ testthat results ═══════════════════════════════════════════════════════════
     [ OK: 8 | SKIPPED: 0 | WARNINGS: 0 | FAILED: 1 ]
     1. Error: quick test with small arffs (@test_quick.R#6)
    
     Error: testthat unit tests failed
     Execution halted
Flavor: r-patched-solaris-x86