CRAN Package Check Results for Package fastAdaboost

Last updated on 2019-12-06 00:49:55 CET.

Flavor Version Tinstall Tcheck Ttotal Status Flags
r-devel-linux-x86_64-debian-clang 1.0.0 39.37 29.66 69.03 OK
r-devel-linux-x86_64-debian-gcc 1.0.0 29.35 23.40 52.75 OK
r-devel-linux-x86_64-fedora-clang 1.0.0 94.03 NOTE
r-devel-linux-x86_64-fedora-gcc 1.0.0 89.95 NOTE
r-devel-windows-ix86+x86_64 1.0.0 77.00 90.00 167.00 OK
r-devel-windows-ix86+x86_64-gcc8 1.0.0 90.00 76.00 166.00 OK
r-patched-linux-x86_64 1.0.0 32.78 27.77 60.55 OK
r-patched-solaris-x86 1.0.0 100.90 OK
r-release-linux-x86_64 1.0.0 31.79 27.47 59.26 OK
r-release-windows-ix86+x86_64 1.0.0 94.00 60.00 154.00 OK
r-release-osx-x86_64 1.0.0 OK
r-oldrel-windows-ix86+x86_64 1.0.0 66.00 79.00 145.00 OK
r-oldrel-osx-x86_64 1.0.0 OK

Additional issues

clang-UBSAN

Check Details

Version: 1.0.0
Check: compiled code
Result: NOTE
    File ‘fastAdaboost/libs/fastAdaboost.so’:
     Found no calls to: ‘R_registerRoutines’, ‘R_useDynamicSymbols’
    
    It is good practice to register native routines and to disable symbol
    search.
    
    See ‘Writing portable packages’ in the ‘Writing R Extensions’ manual.
Flavors: r-devel-linux-x86_64-fedora-clang, r-devel-linux-x86_64-fedora-gcc