CRAN Package Check Results for Package fastAdaboost

Last updated on 2020-07-09 01:57:30 CEST.

Flavor Version Tinstall Tcheck Ttotal Status Flags
r-devel-linux-x86_64-debian-clang 1.0.0 43.34 30.38 73.72 OK
r-devel-linux-x86_64-debian-gcc 1.0.0 31.06 23.74 54.80 OK
r-devel-linux-x86_64-fedora-clang 1.0.0 110.36 NOTE
r-devel-linux-x86_64-fedora-gcc 1.0.0 92.95 NOTE
r-devel-windows-ix86+x86_64 1.0.0 85.00 87.00 172.00 OK
r-patched-linux-x86_64 1.0.0 33.24 30.27 63.51 OK
r-patched-solaris-x86 1.0.0 105.50 OK
r-release-linux-x86_64 1.0.0 32.03 30.07 62.10 OK
r-release-osx-x86_64 1.0.0 OK
r-release-windows-ix86+x86_64 1.0.0 98.00 103.00 201.00 OK
r-oldrel-osx-x86_64 1.0.0 OK
r-oldrel-windows-ix86+x86_64 1.0.0 89.00 87.00 176.00 OK

Additional issues

clang-UBSAN

Check Details

Version: 1.0.0
Check: compiled code
Result: NOTE
    File ‘fastAdaboost/libs/fastAdaboost.so’:
     Found no calls to: ‘R_registerRoutines’, ‘R_useDynamicSymbols’
    
    It is good practice to register native routines and to disable symbol
    search.
    
    See ‘Writing portable packages’ in the ‘Writing R Extensions’ manual.
Flavors: r-devel-linux-x86_64-fedora-clang, r-devel-linux-x86_64-fedora-gcc