Last updated on 2023-12-04 07:50:54 CET.
Flavor | Version | Tinstall | Tcheck | Ttotal | Status | Flags |
---|---|---|---|---|---|---|
r-devel-linux-x86_64-debian-clang | 1.0.2 | 45.75 | 58.27 | 104.02 | NOTE | |
r-devel-linux-x86_64-debian-gcc | 1.0.2 | 33.25 | 42.75 | 76.00 | NOTE | |
r-devel-linux-x86_64-fedora-clang | 1.0.2 | 150.79 | NOTE | |||
r-devel-linux-x86_64-fedora-gcc | 1.0.2 | 163.62 | NOTE | |||
r-devel-windows-x86_64 | 1.0.2 | 38.00 | 97.00 | 135.00 | NOTE | |
r-patched-linux-x86_64 | 1.0.2 | 44.66 | 54.68 | 99.34 | NOTE | |
r-release-linux-x86_64 | 1.0.2 | 39.99 | 55.70 | 95.69 | NOTE | |
r-release-macos-arm64 | 1.0.2 | 51.00 | NOTE | |||
r-release-macos-x86_64 | 1.0.2 | 79.00 | NOTE | |||
r-release-windows-x86_64 | 1.0.2 | 47.00 | 103.00 | 150.00 | NOTE | |
r-oldrel-macos-arm64 | 1.0.2 | 44.00 | NOTE | |||
r-oldrel-macos-x86_64 | 1.0.2 | 56.00 | NOTE | |||
r-oldrel-windows-x86_64 | 1.0.2 | 46.00 | 102.00 | 148.00 | NOTE |
Version: 1.0.2
Check: C++ specification
Result: NOTE
Specified C++11: please drop specification unless essential
Flavors: r-devel-linux-x86_64-debian-clang, r-devel-linux-x86_64-debian-gcc, r-devel-linux-x86_64-fedora-clang, r-devel-linux-x86_64-fedora-gcc, r-devel-windows-x86_64, r-patched-linux-x86_64, r-release-linux-x86_64, r-release-macos-arm64, r-release-macos-x86_64, r-release-windows-x86_64
Version: 1.0.2
Check: installed package size
Result: NOTE
installed size is 5.6Mb
sub-directories of 1Mb or more:
images 3.1Mb
libs 1.3Mb
Flavors: r-devel-windows-x86_64, r-release-macos-arm64, r-release-macos-x86_64, r-release-windows-x86_64, r-oldrel-macos-arm64, r-oldrel-macos-x86_64, r-oldrel-windows-x86_64