CRAN Package Check Results for Package fastR2

Last updated on 2023-10-01 08:51:58 CEST.

Flavor Version Tinstall Tcheck Ttotal Status Flags
r-devel-linux-x86_64-debian-clang 1.2.2 18.12 146.93 165.05 NOTE
r-devel-linux-x86_64-debian-gcc 1.2.2 13.44 108.87 122.31 NOTE
r-devel-linux-x86_64-fedora-clang 1.2.2 197.68 NOTE
r-devel-linux-x86_64-fedora-gcc 1.2.2 213.36 NOTE
r-devel-windows-x86_64 1.2.2 17.00 144.00 161.00 NOTE
r-patched-linux-x86_64 1.2.2 23.10 142.60 165.70 NOTE
r-release-linux-x86_64 1.2.2 17.22 144.04 161.26 NOTE
r-release-macos-arm64 1.2.2 71.00 NOTE
r-release-macos-x86_64 1.2.2 132.00 NOTE
r-release-windows-x86_64 1.2.2 25.00 175.00 200.00 NOTE
r-oldrel-macos-arm64 1.2.2 64.00 OK
r-oldrel-macos-x86_64 1.2.2 107.00 OK
r-oldrel-windows-x86_64 1.2.2 28.00 170.00 198.00 OK

Check Details

Version: 1.2.2
Check: Rd files
Result: NOTE
    checkRd: (-1) Scent.Rd:37: Escaped LaTeX specials: \&
    checkRd: (-1) Traffic.Rd:44: Escaped LaTeX specials: \&
Flavors: r-devel-linux-x86_64-debian-clang, r-devel-linux-x86_64-debian-gcc, r-devel-linux-x86_64-fedora-clang, r-devel-linux-x86_64-fedora-gcc, r-devel-windows-x86_64, r-patched-linux-x86_64, r-release-linux-x86_64, r-release-macos-arm64, r-release-macos-x86_64, r-release-windows-x86_64

Version: 1.2.2
Check: Rd metadata
Result: NOTE
    Invalid package aliases in Rd file 'fastR-package.Rd':
     ‘fastR-package’
Flavors: r-devel-linux-x86_64-debian-clang, r-devel-linux-x86_64-debian-gcc, r-devel-linux-x86_64-fedora-clang, r-devel-linux-x86_64-fedora-gcc, r-devel-windows-x86_64