CRAN Package Check Results for Package fastR2

Last updated on 2020-06-04 02:48:01 CEST.

Flavor Version Tinstall Tcheck Ttotal Status Flags
r-devel-linux-x86_64-debian-clang 1.2.1 16.94 129.71 146.65 OK
r-devel-linux-x86_64-debian-gcc 1.2.1 13.36 97.15 110.51 OK
r-devel-linux-x86_64-fedora-clang 1.2.1 178.46 OK
r-devel-linux-x86_64-fedora-gcc 1.2.1 169.68 OK
r-devel-windows-ix86+x86_64 1.2.1 58.00 211.00 269.00 OK
r-patched-linux-x86_64 1.2.1 14.05 124.41 138.46 OK
r-patched-solaris-x86 1.2.1 248.50 OK
r-release-linux-x86_64 1.2.1 14.46 125.04 139.50 OK
r-release-osx-x86_64 1.2.1 WARN
r-release-windows-ix86+x86_64 1.2.1 50.00 146.00 196.00 OK
r-oldrel-osx-x86_64 1.2.1 OK
r-oldrel-windows-ix86+x86_64 1.2.1 59.00 210.00 269.00 OK

Check Details

Version: 1.2.1
Check: package dependencies
Result: NOTE
    Package suggested but not available for checking: ‘mosaicCalc’
Flavor: r-release-osx-x86_64

Version: 1.2.1
Check: re-building of vignette outputs
Result: WARN
    Error(s) in re-building vignettes:
     ...
    --- re-building ‘Errata2e.Rmd’ using rmarkdown
    dyld: lazy symbol binding failed: Symbol not found: ____chkstk_darwin
     Referenced from: /usr/local/bin/pandoc (which was built for Mac OS X 10.15)
     Expected in: /usr/lib/libSystem.B.dylib
    
    dyld: Symbol not found: ____chkstk_darwin
     Referenced from: /usr/local/bin/pandoc (which was built for Mac OS X 10.15)
     Expected in: /usr/lib/libSystem.B.dylib
    
    Error: processing vignette 'Errata2e.Rmd' failed with diagnostics:
    pandoc document conversion failed with error 6
    --- failed re-building ‘Errata2e.Rmd’
    
    SUMMARY: processing the following file failed:
     ‘Errata2e.Rmd’
    
    Error: Vignette re-building failed.
    Execution halted
Flavor: r-release-osx-x86_64