Last updated on 2023-12-06 07:50:13 CET.
Flavor | Version | Tinstall | Tcheck | Ttotal | Status | Flags |
---|---|---|---|---|---|---|
r-devel-linux-x86_64-debian-clang | 0.6-142 | 173.78 | 243.01 | 416.79 | NOTE | |
r-devel-linux-x86_64-debian-gcc | 0.6-142 | 125.12 | 179.24 | 304.36 | NOTE | |
r-devel-linux-x86_64-fedora-clang | 0.6-142 | 609.23 | NOTE | |||
r-devel-linux-x86_64-fedora-gcc | 0.6-142 | 602.51 | NOTE | |||
r-devel-windows-x86_64 | 0.6-142 | 143.00 | 208.00 | 351.00 | NOTE | |
r-patched-linux-x86_64 | 0.6-142 | 112.33 | 239.03 | 351.36 | NOTE | |
r-release-linux-x86_64 | 0.6-142 | 118.47 | 236.48 | 354.95 | NOTE | |
r-release-macos-arm64 | 0.6-142 | 159.00 | NOTE | |||
r-release-macos-x86_64 | 0.6-142 | 242.00 | NOTE | |||
r-release-windows-x86_64 | 0.6-142 | 183.00 | 255.00 | 438.00 | NOTE | |
r-oldrel-macos-arm64 | 0.6-142 | 140.00 | NOTE | |||
r-oldrel-macos-x86_64 | 0.6-142 | 183.00 | NOTE | |||
r-oldrel-windows-x86_64 | 0.6-142 | 180.00 | 255.00 | 435.00 | NOTE |
Version: 0.6-142
Check: package dependencies
Result: NOTE
Package suggested but not available for checking: ‘NNLM’
Flavors: r-devel-linux-x86_64-debian-clang, r-devel-linux-x86_64-debian-gcc, r-devel-linux-x86_64-fedora-clang, r-devel-linux-x86_64-fedora-gcc, r-devel-windows-x86_64, r-patched-linux-x86_64, r-release-linux-x86_64, r-release-macos-arm64, r-release-macos-x86_64, r-release-windows-x86_64, r-oldrel-macos-arm64, r-oldrel-macos-x86_64, r-oldrel-windows-x86_64
Version: 0.6-142
Check: C++ specification
Result: NOTE
Specified C++11: please drop specification unless essential
Flavors: r-devel-linux-x86_64-debian-clang, r-devel-linux-x86_64-debian-gcc, r-devel-linux-x86_64-fedora-clang, r-devel-linux-x86_64-fedora-gcc, r-devel-windows-x86_64, r-patched-linux-x86_64, r-release-linux-x86_64, r-release-macos-arm64, r-release-macos-x86_64, r-release-windows-x86_64
Version: 0.6-142
Check: for GNU extensions in Makefiles
Result: NOTE
GNU make is a SystemRequirements.
Flavors: r-devel-linux-x86_64-debian-clang, r-devel-linux-x86_64-debian-gcc, r-devel-linux-x86_64-fedora-clang, r-devel-linux-x86_64-fedora-gcc, r-devel-windows-x86_64, r-patched-linux-x86_64, r-release-linux-x86_64, r-release-macos-arm64, r-release-macos-x86_64, r-release-windows-x86_64, r-oldrel-macos-arm64, r-oldrel-macos-x86_64, r-oldrel-windows-x86_64
Version: 0.6-142
Check: installed package size
Result: NOTE
installed size is 5.6Mb
sub-directories of 1Mb or more:
data 4.3Mb
Flavors: r-devel-linux-x86_64-fedora-clang, r-devel-windows-x86_64, r-release-macos-arm64, r-release-macos-x86_64, r-release-windows-x86_64, r-oldrel-macos-arm64, r-oldrel-macos-x86_64, r-oldrel-windows-x86_64