CRAN Package Check Results for Package fastai

Last updated on 2021-07-28 01:48:47 CEST.

Flavor Version Tinstall Tcheck Ttotal Status Flags
r-devel-linux-x86_64-debian-clang 2.0.8 24.80 211.17 235.97 OK
r-devel-linux-x86_64-debian-gcc 2.0.8 21.37 160.18 181.55 OK
r-devel-linux-x86_64-fedora-clang 2.0.8 393.95 NOTE
r-devel-linux-x86_64-fedora-gcc 2.0.8 383.33 OK
r-devel-windows-x86_64 2.0.8 45.00 280.00 325.00 NOTE
r-devel-windows-x86_64-gcc10-UCRT 2.0.8 OK
r-patched-linux-x86_64 2.0.8 35.17 205.14 240.31 OK
r-patched-solaris-x86 2.0.8 324.00 NOTE
r-release-linux-x86_64 2.0.8 25.24 204.01 229.25 OK
r-release-macos-arm64 2.0.8 NOTE
r-release-macos-x86_64 2.0.8 NOTE
r-release-windows-ix86+x86_64 2.0.8 54.00 212.00 266.00 NOTE
r-oldrel-macos-x86_64 2.0.8 NOTE
r-oldrel-windows-ix86+x86_64 2.0.8 53.00 273.00 326.00 NOTE

Additional issues

donttest

Check Details

Version: 2.0.8
Check: installed package size
Result: NOTE
     installed size is 5.1Mb
     sub-directories of 1Mb or more:
     doc 3.0Mb
     help 1.2Mb
Flavors: r-devel-linux-x86_64-fedora-clang, r-devel-windows-x86_64, r-patched-solaris-x86, r-release-macos-arm64, r-release-macos-x86_64, r-release-windows-ix86+x86_64, r-oldrel-macos-x86_64, r-oldrel-windows-ix86+x86_64

Version: 2.0.8
Check: dependencies in R code
Result: NOTE
    Warning: please export TSAN_OPTIONS='ignore_noninstrumented_modules=1' to avoid false positive reports from the OpenMP runtime.!
Flavor: r-devel-linux-x86_64-fedora-clang