CRAN Package Check Results for Package fastcmh

Last updated on 2022-12-04 01:53:12 CET.

Flavor Version Tinstall Tcheck Ttotal Status Flags
r-devel-linux-x86_64-debian-clang 0.2.7 44.52 35.62 80.14 OK
r-devel-linux-x86_64-debian-gcc 0.2.7 31.23 27.91 59.14 OK
r-devel-linux-x86_64-fedora-clang 0.2.7 121.60 NOTE
r-devel-linux-x86_64-fedora-gcc 0.2.7 115.52 NOTE
r-devel-windows-x86_64 0.2.7 43.00 87.00 130.00 OK
r-patched-linux-x86_64 0.2.7 38.87 33.79 72.66 OK
r-release-linux-x86_64 0.2.7 38.80 33.25 72.05 OK
r-release-macos-arm64 0.2.7 33.00 OK
r-release-macos-x86_64 0.2.7 41.00 OK
r-release-windows-x86_64 0.2.7 45.00 87.00 132.00 OK
r-oldrel-macos-arm64 0.2.7 37.00 OK
r-oldrel-macos-x86_64 0.2.7 57.00 OK
r-oldrel-windows-ix86+x86_64 0.2.7 102.00 95.00 197.00 OK

Check Details

Version: 0.2.7
Check: compiled code
Result: NOTE
    File ‘fastcmh/libs/fastcmh.so’:
     Found no calls to: ‘R_registerRoutines’, ‘R_useDynamicSymbols’
    
    It is good practice to register native routines and to disable symbol
    search.
    
    See ‘Writing portable packages’ in the ‘Writing R Extensions’ manual.
Flavors: r-devel-linux-x86_64-fedora-clang, r-devel-linux-x86_64-fedora-gcc