CRAN Package Check Results for Package fasterize

Last updated on 2023-02-07 00:54:16 CET.

Flavor Version Tinstall Tcheck Ttotal Status Flags
r-devel-linux-x86_64-debian-clang 1.0.4 127.17 278.34 405.51 NOTE
r-devel-linux-x86_64-debian-gcc 1.0.4 95.35 199.40 294.75 NOTE
r-devel-linux-x86_64-fedora-clang 1.0.4 520.31 NOTE
r-devel-linux-x86_64-fedora-gcc 1.0.4 495.99 NOTE
r-devel-windows-x86_64 1.0.4 99.00 292.00 391.00 NOTE
r-patched-linux-x86_64 1.0.4 105.28 263.20 368.48 OK
r-release-linux-x86_64 1.0.4 115.37 264.44 379.81 OK
r-release-macos-arm64 1.0.4 120.00 OK
r-release-macos-x86_64 1.0.4 148.00 OK
r-release-windows-x86_64 1.0.4 146.00 299.00 445.00 OK
r-oldrel-macos-arm64 1.0.4 109.00 OK
r-oldrel-macos-x86_64 1.0.4 145.00 OK
r-oldrel-windows-ix86+x86_64 1.0.4 290.00 383.00 673.00 OK

Check Details

Version: 1.0.4
Check: C++ specification
Result: NOTE
     Specified C++11: please update to current default of C++17
Flavors: r-devel-linux-x86_64-debian-clang, r-devel-linux-x86_64-debian-gcc, r-devel-linux-x86_64-fedora-clang, r-devel-linux-x86_64-fedora-gcc, r-devel-windows-x86_64