Last updated on 2023-03-31 07:53:25 CEST.
Flavor | Version | Tinstall | Tcheck | Ttotal | Status | Flags |
---|---|---|---|---|---|---|
r-devel-linux-x86_64-debian-clang | 0.0.3 | 131.59 | 62.31 | 193.90 | NOTE | |
r-devel-linux-x86_64-debian-gcc | 0.0.3 | 109.03 | 53.60 | 162.63 | NOTE | |
r-devel-linux-x86_64-fedora-clang | 0.0.3 | 238.06 | NOTE | |||
r-devel-linux-x86_64-fedora-gcc | 0.0.3 | 279.51 | NOTE | |||
r-devel-windows-x86_64 | 0.0.3 | 104.00 | 123.00 | 227.00 | NOTE | |
r-patched-linux-x86_64 | 0.0.3 | 124.06 | 70.72 | 194.78 | NOTE | |
r-release-linux-x86_64 | 0.0.3 | 120.81 | 72.30 | 193.11 | OK | |
r-release-macos-arm64 | 0.0.3 | 105.00 | NOTE | |||
r-release-macos-x86_64 | 0.0.3 | 100.00 | NOTE | |||
r-release-windows-x86_64 | 0.0.3 | 96.00 | 140.00 | 236.00 | OK | |
r-oldrel-macos-arm64 | 0.0.3 | 97.00 | NOTE | |||
r-oldrel-macos-x86_64 | 0.0.3 | 99.00 | NOTE | |||
r-oldrel-windows-ix86+x86_64 | 0.0.3 | 283.00 | 133.00 | 416.00 | OK |
Version: 0.0.3
Check: C++ specification
Result: NOTE
Specified C++11: please drop specification unless essential
Flavors: r-devel-linux-x86_64-debian-clang, r-devel-linux-x86_64-debian-gcc, r-devel-linux-x86_64-fedora-clang, r-devel-linux-x86_64-fedora-gcc, r-devel-windows-x86_64, r-patched-linux-x86_64
Version: 0.0.3
Check: installed package size
Result: NOTE
installed size is 47.4Mb
sub-directories of 1Mb or more:
libs 47.2Mb
Flavors: r-release-macos-arm64, r-release-macos-x86_64, r-oldrel-macos-arm64, r-oldrel-macos-x86_64