Last updated on 2023-12-03 08:50:07 CET.
Flavor | Version | Tinstall | Tcheck | Ttotal | Status | Flags |
---|---|---|---|---|---|---|
r-devel-linux-x86_64-debian-clang | 0.5-7 | 21.43 | 46.56 | 67.99 | WARN | |
r-devel-linux-x86_64-debian-gcc | 0.5-7 | 15.47 | 35.22 | 50.69 | WARN | |
r-devel-linux-x86_64-fedora-clang | 0.5-7 | 80.96 | WARN | |||
r-devel-linux-x86_64-fedora-gcc | 0.5-7 | 81.82 | WARN | |||
r-devel-windows-x86_64 | 0.5-7 | 30.00 | 66.00 | 96.00 | WARN | |
r-patched-linux-x86_64 | 0.5-7 | 19.60 | 45.02 | 64.62 | OK | |
r-release-linux-x86_64 | 0.5-7 | 18.77 | 45.24 | 64.01 | OK | |
r-release-macos-arm64 | 0.5-7 | 30.00 | OK | |||
r-release-macos-x86_64 | 0.5-7 | 67.00 | OK | |||
r-release-windows-x86_64 | 0.5-7 | 34.00 | 73.00 | 107.00 | OK | |
r-oldrel-macos-arm64 | 0.5-7 | 33.00 | OK | |||
r-oldrel-macos-x86_64 | 0.5-7 | 45.00 | OK | |||
r-oldrel-windows-x86_64 | 0.5-7 | 37.00 | 69.00 | 106.00 | OK |
Version: 0.5-7
Check: whether package can be installed
Result: WARN
Found the following significant warnings:
matrix_API.c:510:50: warning: format specifies type 'int' but the argument has type 'int *' [-Wformat]
See ‘/home/hornik/tmp/R.check/r-devel-clang/Work/PKGS/fastmatrix.Rcheck/00install.out’ for details.
* used C compiler: ‘Debian clang version 17.0.5 (1)’
* used Fortran compiler: ‘Debian flang-new version 17.0.5 (1)’
Flavor: r-devel-linux-x86_64-debian-clang
Version: 0.5-7
Check: whether package can be installed
Result: WARN
Found the following significant warnings:
matrix_API.c:510:46: warning: format ‘%d’ expects argument of type ‘int’, but argument 2 has type ‘int *’ [-Wformat=]
See ‘/home/hornik/tmp/R.check/r-devel-gcc/Work/PKGS/fastmatrix.Rcheck/00install.out’ for details.
* used C compiler: ‘gcc-13 (Debian 13.2.0-5) 13.2.0’
* used Fortran compiler: ‘GNU Fortran (Debian 13.2.0-5) 13.2.0’
Flavor: r-devel-linux-x86_64-debian-gcc
Version: 0.5-7
Check: whether package can be installed
Result: WARN
Found the following significant warnings:
matrix_API.c:510:50: warning: format specifies type 'int' but the argument has type 'int *' [-Wformat]
See ‘/data/gannet/ripley/R/packages/tests-clang/fastmatrix.Rcheck/00install.out’ for details.
* used C compiler: ‘clang version 17.0.5’
* used Fortran compiler: ‘flang-new version 17.0.5’
Flavor: r-devel-linux-x86_64-fedora-clang
Version: 0.5-7
Check: whether package can be installed
Result: WARN
Found the following significant warnings:
matrix_API.c:510:46: warning: format '%d' expects argument of type 'int', but argument 2 has type 'int *' [-Wformat=]
See ‘/data/gannet/ripley/R/packages/tests-devel/fastmatrix.Rcheck/00install.out’ for details.
* used C compiler: ‘gcc-13 (GCC) 13.2.0’
* used Fortran compiler: ‘GNU Fortran (GCC) 13.2.0’
Flavor: r-devel-linux-x86_64-fedora-gcc
Version: 0.5-7
Check: whether package can be installed
Result: WARN
Found the following significant warnings:
matrix_API.c:510:46: warning: format '%d' expects argument of type 'int', but argument 2 has type 'int *' [-Wformat=]
See 'd:/Rcompile/CRANpkg/local/4.4/fastmatrix.Rcheck/00install.out' for details.
* used C compiler: 'gcc.exe (GCC) 12.3.0'
* used Fortran compiler: 'GNU Fortran (GCC) 12.3.0'
Flavor: r-devel-windows-x86_64