CRAN Package Check Results for Package fastrep

Last updated on 2023-02-07 00:54:16 CET.

Flavor Version Tinstall Tcheck Ttotal Status Flags
r-devel-linux-x86_64-debian-clang 0.7 5.74 51.53 57.27 OK
r-devel-linux-x86_64-debian-gcc 0.7 4.09 38.40 42.49 OK
r-devel-linux-x86_64-fedora-clang 0.7 71.28 NOTE
r-devel-linux-x86_64-fedora-gcc 0.7 77.75 NOTE
r-devel-windows-x86_64 0.7 30.00 83.00 113.00 OK
r-patched-linux-x86_64 0.7 5.09 48.92 54.01 OK
r-release-linux-x86_64 0.7 5.19 51.38 56.57 OK
r-release-macos-arm64 0.7 28.00 NOTE
r-release-macos-x86_64 0.7 42.00 NOTE
r-release-windows-x86_64 0.7 30.00 107.00 137.00 OK
r-oldrel-macos-arm64 0.7 32.00 NOTE
r-oldrel-macos-x86_64 0.7 43.00 NOTE
r-oldrel-windows-ix86+x86_64 0.7 15.00 83.00 98.00 OK

Check Details

Version: 0.7
Check: dependencies in R code
Result: NOTE
    Namespace in Imports field not imported from: ‘ggplot2’
     All declared Imports should be used.
Flavors: r-devel-linux-x86_64-fedora-clang, r-devel-linux-x86_64-fedora-gcc, r-release-macos-arm64, r-release-macos-x86_64, r-oldrel-macos-arm64, r-oldrel-macos-x86_64