Last updated on 2023-01-27 00:51:01 CET.
Flavor | Version | Tinstall | Tcheck | Ttotal | Status | Flags |
---|---|---|---|---|---|---|
r-devel-linux-x86_64-debian-clang | 0.3.0 | 3.13 | 48.80 | 51.93 | OK | |
r-devel-linux-x86_64-debian-gcc | 0.3.0 | 3.11 | 36.59 | 39.70 | OK | |
r-devel-linux-x86_64-fedora-clang | 0.3.0 | 65.51 | NOTE | |||
r-devel-linux-x86_64-fedora-gcc | 0.3.0 | 71.28 | NOTE | |||
r-devel-windows-x86_64 | 0.3.0 | 24.00 | 82.00 | 106.00 | OK | |
r-patched-linux-x86_64 | 0.3.0 | 3.91 | 49.60 | 53.51 | OK | |
r-release-linux-x86_64 | 0.3.0 | 3.65 | 49.85 | 53.50 | OK | |
r-release-macos-arm64 | 0.3.0 | 33.00 | NOTE | |||
r-release-macos-x86_64 | 0.3.0 | 38.00 | NOTE | |||
r-release-windows-x86_64 | 0.3.0 | 30.00 | 94.00 | 124.00 | OK | |
r-oldrel-macos-arm64 | 0.3.0 | 35.00 | NOTE | |||
r-oldrel-macos-x86_64 | 0.3.0 | 45.00 | NOTE | |||
r-oldrel-windows-ix86+x86_64 | 0.3.0 | 10.00 | 83.00 | 93.00 | OK |
Version: 0.3.0
Check: dependencies in R code
Result: NOTE
Namespaces in Imports field not imported from:
‘collapse’ ‘data.table’ ‘kit’ ‘magrittr’
All declared Imports should be used.
Flavors: r-devel-linux-x86_64-fedora-clang, r-devel-linux-x86_64-fedora-gcc, r-release-macos-arm64, r-release-macos-x86_64, r-oldrel-macos-arm64, r-oldrel-macos-x86_64