CRAN Package Check Results for Package fauxpas

Last updated on 2019-10-20 01:46:49 CEST.

Flavor Version Tinstall Tcheck Ttotal Status Flags
r-devel-linux-x86_64-debian-clang 0.2.0 46.88 31.66 78.54 OK
r-devel-linux-x86_64-debian-gcc 0.2.0 39.47 25.29 64.76 OK
r-devel-linux-x86_64-fedora-clang 0.2.0 101.87 NOTE
r-devel-linux-x86_64-fedora-gcc 0.2.0 102.38 NOTE
r-devel-windows-ix86+x86_64 0.2.0 56.00 46.00 102.00 OK
r-patched-linux-x86_64 0.2.0 42.33 31.25 73.58 OK
r-patched-solaris-x86 0.2.0 128.10 NOTE
r-release-linux-x86_64 0.2.0 44.63 31.49 76.12 OK
r-release-windows-ix86+x86_64 0.2.0 54.00 65.00 119.00 OK
r-release-osx-x86_64 0.2.0 NOTE
r-oldrel-windows-ix86+x86_64 0.2.0 47.00 41.00 88.00 OK
r-oldrel-osx-x86_64 0.2.0 NOTE

Check Details

Version: 0.2.0
Check: dependencies in R code
Result: NOTE
    Namespace in Imports field not imported from: ‘whisker’
     All declared Imports should be used.
Flavors: r-devel-linux-x86_64-fedora-clang, r-devel-linux-x86_64-fedora-gcc, r-patched-solaris-x86, r-release-osx-x86_64, r-oldrel-osx-x86_64