CRAN Package Check Results for Package fclust

Last updated on 2020-07-13 01:48:44 CEST.

Flavor Version Tinstall Tcheck Ttotal Status Flags
r-devel-linux-x86_64-debian-clang 2.1.1 163.05 73.02 236.07 OK
r-devel-linux-x86_64-debian-gcc 2.1.1 120.05 53.21 173.26 OK
r-devel-linux-x86_64-fedora-clang 2.1.1 324.15 NOTE
r-devel-linux-x86_64-fedora-gcc 2.1.1 307.74 OK
r-devel-windows-ix86+x86_64 2.1.1 351.00 150.00 501.00 OK
r-patched-linux-x86_64 2.1.1 128.78 69.57 198.35 OK
r-patched-solaris-x86 2.1.1 264.00 OK
r-release-linux-x86_64 2.1.1 130.11 69.22 199.33 OK
r-release-macos-x86_64 2.1.1 NOTE
r-release-windows-ix86+x86_64 2.1.1 364.00 118.00 482.00 OK
r-oldrel-macos-x86_64 2.1.1 NOTE
r-oldrel-windows-ix86+x86_64 2.1.1 324.00 138.00 462.00 OK

Check Details

Version: 2.1.1
Check: installed package size
Result: NOTE
     installed size is 12.2Mb
     sub-directories of 1Mb or more:
     libs 11.6Mb
Flavors: r-devel-linux-x86_64-fedora-clang, r-release-macos-x86_64, r-oldrel-macos-x86_64