CRAN Package Check Results for Package fcuk

Last updated on 2020-09-23 03:59:58 CEST.

Flavor Version Tinstall Tcheck Ttotal Status Flags
r-devel-linux-x86_64-debian-clang 0.1.21 2.84 32.71 35.55 NOTE
r-devel-linux-x86_64-debian-gcc 0.1.21 2.29 25.65 27.94 NOTE
r-devel-linux-x86_64-fedora-clang 0.1.21 53.01 NOTE
r-devel-linux-x86_64-fedora-gcc 0.1.21 62.98 NOTE
r-devel-windows-ix86+x86_64 0.1.21 7.00 49.00 56.00 OK
r-patched-linux-x86_64 0.1.21 2.94 31.93 34.87 NOTE
r-patched-solaris-x86 0.1.21 68.00 NOTE
r-release-linux-x86_64 0.1.21 3.14 31.63 34.77 NOTE
r-release-macos-x86_64 0.1.21 OK
r-release-windows-ix86+x86_64 0.1.21 15.00 56.00 71.00 OK
r-oldrel-macos-x86_64 0.1.21 OK
r-oldrel-windows-ix86+x86_64 0.1.21 4.00 47.00 51.00 OK

Check Details

Version: 0.1.21
Check: for non-standard things in the check directory
Result: NOTE
    Found the following files/directories:
     '.Rprofile'
Flavors: r-devel-linux-x86_64-debian-clang, r-devel-linux-x86_64-debian-gcc, r-devel-linux-x86_64-fedora-clang, r-devel-linux-x86_64-fedora-gcc, r-patched-linux-x86_64, r-patched-solaris-x86, r-release-linux-x86_64