CRAN Package Check Results for Package fda.usc

Last updated on 2020-04-09 01:53:11 CEST.

Flavor Version Tinstall Tcheck Ttotal Status Flags
r-devel-linux-x86_64-debian-clang 2.0.2 49.39 213.86 263.25 OK
r-devel-linux-x86_64-debian-gcc 2.0.2 36.46 161.12 197.58 OK
r-devel-linux-x86_64-fedora-clang 2.0.2 306.62 NOTE
r-devel-linux-x86_64-fedora-gcc 2.0.2 296.13 NOTE
r-devel-windows-ix86+x86_64 2.0.2 57.00 355.00 412.00 OK
r-devel-windows-ix86+x86_64-gcc8 2.0.2 57.00 226.00 283.00 OK
r-patched-linux-x86_64 2.0.2 39.78 210.20 249.98 OK
r-patched-solaris-x86 2.0.2 384.90 NOTE
r-release-linux-x86_64 2.0.2 39.44 189.42 228.86 OK
r-release-windows-ix86+x86_64 2.0.2 60.00 269.00 329.00 OK
r-release-osx-x86_64 2.0.2 NOTE
r-oldrel-windows-ix86+x86_64 2.0.2 73.00 219.00 292.00 OK
r-oldrel-osx-x86_64 2.0.2 NOTE

Check Details

Version: 2.0.2
Check: data for non-ASCII characters
Result: NOTE
     Note: found 76 marked UTF-8 strings
Flavors: r-devel-linux-x86_64-fedora-clang, r-devel-linux-x86_64-fedora-gcc, r-patched-solaris-x86, r-release-osx-x86_64, r-oldrel-osx-x86_64