CRAN Package Check Results for Package fdaMixed

Last updated on 2019-12-05 00:51:53 CET.

Flavor Version Tinstall Tcheck Ttotal Status Flags
r-devel-linux-x86_64-debian-clang 0.6 96.48 32.66 129.14 OK
r-devel-linux-x86_64-debian-gcc 0.6 74.64 24.86 99.50 OK
r-devel-linux-x86_64-fedora-clang 0.6 179.27 NOTE
r-devel-linux-x86_64-fedora-gcc 0.6 178.00 OK
r-devel-windows-ix86+x86_64 0.6 183.00 92.00 275.00 OK
r-devel-windows-ix86+x86_64-gcc8 0.6 197.00 78.00 275.00 OK
r-patched-linux-x86_64 0.6 77.12 30.20 107.32 OK
r-patched-solaris-x86 0.6 159.80 OK
r-release-linux-x86_64 0.6 80.97 31.47 112.44 OK
r-release-windows-ix86+x86_64 0.6 208.00 74.00 282.00 OK
r-release-osx-x86_64 0.6 NOTE
r-oldrel-windows-ix86+x86_64 0.6 148.00 90.00 238.00 OK
r-oldrel-osx-x86_64 0.6 NOTE

Check Details

Version: 0.6
Check: installed package size
Result: NOTE
     installed size is 8.4Mb
     sub-directories of 1Mb or more:
     libs 8.2Mb
Flavors: r-devel-linux-x86_64-fedora-clang, r-release-osx-x86_64, r-oldrel-osx-x86_64