CRAN Package Check Results for Package fdaMixed

Last updated on 2020-07-07 02:08:15 CEST.

Flavor Version Tinstall Tcheck Ttotal Status Flags
r-devel-linux-x86_64-debian-clang 0.6 101.48 33.11 134.59 OK
r-devel-linux-x86_64-debian-gcc 0.6 81.56 25.43 106.99 OK
r-devel-linux-x86_64-fedora-clang 0.6 206.75 NOTE
r-devel-linux-x86_64-fedora-gcc 0.6 180.91 OK
r-devel-windows-ix86+x86_64 0.6 187.00 80.00 267.00 OK
r-patched-linux-x86_64 0.6 94.91 33.11 128.02 OK
r-patched-solaris-x86 0.6 163.00 OK
r-release-linux-x86_64 0.6 84.30 33.12 117.42 OK
r-release-osx-x86_64 0.6 NOTE
r-release-windows-ix86+x86_64 0.6 188.00 78.00 266.00 OK
r-oldrel-osx-x86_64 0.6 NOTE
r-oldrel-windows-ix86+x86_64 0.6 204.00 99.00 303.00 OK

Check Details

Version: 0.6
Check: installed package size
Result: NOTE
     installed size is 9.3Mb
     sub-directories of 1Mb or more:
     libs 9.2Mb
Flavors: r-devel-linux-x86_64-fedora-clang, r-release-osx-x86_64, r-oldrel-osx-x86_64