CRAN Package Check Results for Package fdadensity

Last updated on 2020-07-13 01:48:44 CEST.

Flavor Version Tinstall Tcheck Ttotal Status Flags
r-devel-linux-x86_64-debian-clang 0.1.2 26.90 49.77 76.67 OK
r-devel-linux-x86_64-debian-gcc 0.1.2 17.98 37.84 55.82 OK
r-devel-linux-x86_64-fedora-clang 0.1.2 107.50 OK
r-devel-linux-x86_64-fedora-gcc 0.1.2 96.66 OK
r-devel-windows-ix86+x86_64 0.1.2 57.00 132.00 189.00 NOTE
r-patched-linux-x86_64 0.1.2 21.26 48.65 69.91 OK
r-patched-solaris-x86 0.1.2 110.20 OK
r-release-linux-x86_64 0.1.2 17.86 47.99 65.85 OK
r-release-macos-x86_64 0.1.2 OK
r-release-windows-ix86+x86_64 0.1.2 89.00 97.00 186.00 NOTE
r-oldrel-macos-x86_64 0.1.2 OK
r-oldrel-windows-ix86+x86_64 0.1.2 52.00 98.00 150.00 OK

Check Details

Version: 0.1.2
Check: installed package size
Result: NOTE
     installed size is 5.4Mb
     sub-directories of 1Mb or more:
     data 3.3Mb
     libs 2.0Mb
Flavors: r-devel-windows-ix86+x86_64, r-release-windows-ix86+x86_64