Last updated on 2019-12-16 00:48:54 CET.
Flavor | Version | Tinstall | Tcheck | Ttotal | Status | Flags |
---|---|---|---|---|---|---|
r-devel-linux-x86_64-debian-clang | 0.1.2 | 25.14 | 48.59 | 73.73 | OK | |
r-devel-linux-x86_64-debian-gcc | 0.1.2 | 14.30 | 38.76 | 53.06 | OK | |
r-devel-linux-x86_64-fedora-clang | 0.1.2 | 94.71 | OK | |||
r-devel-linux-x86_64-fedora-gcc | 0.1.2 | 90.87 | OK | |||
r-devel-windows-ix86+x86_64 | 0.1.2 | 69.00 | 147.00 | 216.00 | OK | |
r-devel-windows-ix86+x86_64-gcc8 | 0.1.2 | 53.00 | 91.00 | 144.00 | NOTE | |
r-patched-linux-x86_64 | 0.1.2 | 16.02 | 44.58 | 60.60 | OK | |
r-patched-solaris-x86 | 0.1.2 | 107.50 | OK | |||
r-release-linux-x86_64 | 0.1.2 | 19.33 | 45.60 | 64.93 | OK | |
r-release-windows-ix86+x86_64 | 0.1.2 | 44.00 | 95.00 | 139.00 | OK | |
r-release-osx-x86_64 | 0.1.2 | OK | ||||
r-oldrel-windows-ix86+x86_64 | 0.1.2 | 40.00 | 87.00 | 127.00 | OK | |
r-oldrel-osx-x86_64 | 0.1.2 | OK |
Version: 0.1.2
Check: installed package size
Result: NOTE
installed size is 5.4Mb
sub-directories of 1Mb or more:
data 3.3Mb
libs 2.0Mb
Flavor: r-devel-windows-ix86+x86_64-gcc8