Last updated on 2023-02-07 00:54:16 CET.
Flavor | Version | Tinstall | Tcheck | Ttotal | Status | Flags |
---|---|---|---|---|---|---|
r-devel-linux-x86_64-debian-clang | 0.5-2 | 32.18 | 112.97 | 145.15 | NOTE | |
r-devel-linux-x86_64-debian-gcc | 0.5-2 | 26.63 | 84.96 | 111.59 | NOTE | |
r-devel-linux-x86_64-fedora-clang | 0.5-2 | 194.78 | NOTE | |||
r-devel-linux-x86_64-fedora-gcc | 0.5-2 | 191.18 | NOTE | |||
r-devel-windows-x86_64 | 0.5-2 | 48.00 | 188.00 | 236.00 | NOTE | |
r-patched-linux-x86_64 | 0.5-2 | 30.14 | 107.02 | 137.16 | OK | |
r-release-linux-x86_64 | 0.5-2 | 30.22 | 93.64 | 123.86 | OK | |
r-release-macos-arm64 | 0.5-2 | 69.00 | OK | |||
r-release-macos-x86_64 | 0.5-2 | 97.00 | OK | |||
r-release-windows-x86_64 | 0.5-2 | 45.00 | 188.00 | 233.00 | OK | |
r-oldrel-macos-arm64 | 0.5-2 | 71.00 | OK | |||
r-oldrel-macos-x86_64 | 0.5-2 | 110.00 | OK | |||
r-oldrel-windows-ix86+x86_64 | 0.5-2 | 86.00 | 180.00 | 266.00 | OK |
Version: 0.5-2
Check: C++ specification
Result: NOTE
Specified C++11: please update to current default of C++17
Flavors: r-devel-linux-x86_64-debian-clang, r-devel-linux-x86_64-debian-gcc, r-devel-linux-x86_64-fedora-clang, r-devel-linux-x86_64-fedora-gcc, r-devel-windows-x86_64