CRAN Package Check Results for Package fdrtool

Last updated on 2020-03-30 02:48:29 CEST.

Flavor Version Tinstall Tcheck Ttotal Status Flags
r-devel-linux-x86_64-debian-clang 1.2.15 OK
r-devel-linux-x86_64-debian-gcc 1.2.15 2.70 19.21 21.91 OK
r-devel-linux-x86_64-fedora-clang 1.2.15 33.94 NOTE
r-devel-linux-x86_64-fedora-gcc 1.2.15 32.63 NOTE
r-devel-windows-ix86+x86_64 1.2.15 9.00 64.00 73.00 OK
r-devel-windows-ix86+x86_64-gcc8 1.2.15 9.00 43.00 52.00 OK
r-patched-linux-x86_64 1.2.15 3.21 24.56 27.77 OK
r-patched-solaris-x86 1.2.15 51.70 OK
r-release-linux-x86_64 1.2.15 3.00 22.52 25.52 OK
r-release-windows-ix86+x86_64 1.2.15 7.00 56.00 63.00 OK
r-release-osx-x86_64 1.2.15 OK
r-oldrel-windows-ix86+x86_64 1.2.15 5.00 39.00 44.00 OK
r-oldrel-osx-x86_64 1.2.15 OK

Check Details

Version: 1.2.15
Check: compiled code
Result: NOTE
    File ‘fdrtool/libs/fdrtool.so’:
     Found no calls to: ‘R_registerRoutines’, ‘R_useDynamicSymbols’
    
    It is good practice to register native routines and to disable symbol
    search.
    
    See ‘Writing portable packages’ in the ‘Writing R Extensions’ manual.
Flavors: r-devel-linux-x86_64-fedora-clang, r-devel-linux-x86_64-fedora-gcc