CRAN Package Check Results for Package featurefinder

Last updated on 2021-10-16 01:48:17 CEST.

Flavor Version Tinstall Tcheck Ttotal Status Flags
r-devel-linux-x86_64-debian-clang 1.1 3.11 35.03 38.14 NOTE
r-devel-linux-x86_64-debian-gcc 1.1 2.30 26.95 29.25 NOTE
r-devel-linux-x86_64-fedora-clang 1.1 56.42 NOTE
r-devel-linux-x86_64-fedora-gcc 1.1 44.72 NOTE
r-devel-windows-x86_64 1.1 5.00 43.00 48.00 OK
r-devel-windows-x86_64-gcc10-UCRT 1.1 OK
r-patched-linux-x86_64 1.1 3.34 29.49 32.83 NOTE
r-patched-solaris-x86 1.1 70.50 NOTE
r-release-linux-x86_64 1.1 3.04 29.17 32.21 NOTE
r-release-macos-arm64 1.1 OK
r-release-macos-x86_64 1.1 OK
r-release-windows-ix86+x86_64 1.1 7.00 48.00 55.00 OK
r-oldrel-macos-x86_64 1.1 OK
r-oldrel-windows-ix86+x86_64 1.1 7.00 48.00 55.00 OK

Check Details

Version: 1.1
Check: for non-standard things in the check directory
Result: NOTE
    Found the following files/directories:
     'treesAll.txt'
Flavors: r-devel-linux-x86_64-debian-clang, r-devel-linux-x86_64-debian-gcc, r-devel-linux-x86_64-fedora-clang, r-devel-linux-x86_64-fedora-gcc, r-patched-linux-x86_64, r-patched-solaris-x86, r-release-linux-x86_64