Last updated on 2023-09-26 08:04:12 CEST.
Flavor | Version | Tinstall | Tcheck | Ttotal | Status | Flags |
---|---|---|---|---|---|---|
r-devel-linux-x86_64-debian-clang | 1.1 | 3.19 | 32.68 | 35.87 | NOTE | |
r-devel-linux-x86_64-debian-gcc | 1.1 | 2.66 | 24.58 | 27.24 | NOTE | |
r-devel-linux-x86_64-fedora-clang | 1.1 | 43.91 | NOTE | |||
r-devel-linux-x86_64-fedora-gcc | 1.1 | 60.77 | NOTE | |||
r-devel-windows-x86_64 | 1.1 | 5.00 | 54.00 | 59.00 | OK | |
r-patched-linux-x86_64 | 1.1 | 3.96 | 30.49 | 34.45 | NOTE | |
r-release-linux-x86_64 | 1.1 | 3.27 | 30.68 | 33.95 | NOTE | |
r-release-macos-arm64 | 1.1 | 26.00 | OK | |||
r-release-macos-x86_64 | 1.1 | 38.00 | OK | |||
r-release-windows-x86_64 | 1.1 | 5.00 | 53.00 | 58.00 | OK | |
r-oldrel-macos-arm64 | 1.1 | 21.00 | OK | |||
r-oldrel-macos-x86_64 | 1.1 | 28.00 | OK | |||
r-oldrel-windows-x86_64 | 1.1 | 5.00 | 51.00 | 56.00 | OK |
Version: 1.1
Check: for non-standard things in the check directory
Result: NOTE
Found the following files/directories:
‘treesAll.txt’
Flavors: r-devel-linux-x86_64-debian-clang, r-devel-linux-x86_64-debian-gcc, r-devel-linux-x86_64-fedora-clang, r-devel-linux-x86_64-fedora-gcc, r-patched-linux-x86_64, r-release-linux-x86_64