CRAN Package Check Results for Package featurefinder

Last updated on 2020-04-02 01:53:10 CEST.

Flavor Version Tinstall Tcheck Ttotal Status Flags
r-devel-linux-x86_64-debian-clang 1.1 3.32 31.75 35.07 NOTE
r-devel-linux-x86_64-debian-gcc 1.1 2.36 24.85 27.21 NOTE
r-devel-linux-x86_64-fedora-clang 1.1 41.85 NOTE
r-devel-linux-x86_64-fedora-gcc 1.1 41.96 NOTE
r-devel-windows-ix86+x86_64 1.1 9.00 46.00 55.00 OK
r-devel-windows-ix86+x86_64-gcc8 1.1 7.00 43.00 50.00 OK
r-patched-linux-x86_64 1.1 3.12 31.02 34.14 NOTE
r-patched-solaris-x86 1.1 66.30 NOTE
r-release-linux-x86_64 1.1 2.46 56.64 59.10 OK
r-release-windows-ix86+x86_64 1.1 6.00 76.00 82.00 OK
r-release-osx-x86_64 1.1 OK
r-oldrel-windows-ix86+x86_64 1.1 8.00 103.00 111.00 OK
r-oldrel-osx-x86_64 1.1 OK

Check Details

Version: 1.1
Check: for non-standard things in the check directory
Result: NOTE
    Found the following files/directories:
     'treesAll.txt'
Flavors: r-devel-linux-x86_64-debian-clang, r-devel-linux-x86_64-debian-gcc, r-devel-linux-x86_64-fedora-clang, r-devel-linux-x86_64-fedora-gcc, r-patched-linux-x86_64, r-patched-solaris-x86