CRAN Package Check Results for Package featurefinder

Last updated on 2021-04-19 02:46:46 CEST.

Flavor Version Tinstall Tcheck Ttotal Status Flags
r-devel-linux-x86_64-debian-clang 1.1 3.10 36.12 39.22 NOTE
r-devel-linux-x86_64-debian-gcc 1.1 2.46 26.98 29.44 NOTE
r-devel-linux-x86_64-fedora-clang 1.1 55.03 NOTE
r-devel-linux-x86_64-fedora-gcc 1.1 45.55 NOTE
r-devel-windows-ix86+x86_64 1.1 8.00 41.00 49.00 OK
r-devel-windows-x86_64-gcc10-UCRT 1.1 OK
r-patched-linux-x86_64 1.1 3.05 33.06 36.11 NOTE
r-patched-solaris-x86 1.1 70.00 NOTE
r-release-linux-x86_64 1.1 2.87 33.35 36.22 NOTE
r-release-macos-x86_64 1.1 OK
r-release-windows-ix86+x86_64 1.1 7.00 52.00 59.00 OK
r-oldrel-macos-x86_64 1.1 OK
r-oldrel-windows-ix86+x86_64 1.1 4.00 87.00 91.00 OK

Check Details

Version: 1.1
Check: for non-standard things in the check directory
Result: NOTE
    Found the following files/directories:
     'treesAll.txt'
Flavors: r-devel-linux-x86_64-debian-clang, r-devel-linux-x86_64-debian-gcc, r-devel-linux-x86_64-fedora-clang, r-devel-linux-x86_64-fedora-gcc, r-patched-linux-x86_64, r-patched-solaris-x86, r-release-linux-x86_64