CRAN Package Check Results for Package featurizer

Last updated on 2023-12-07 07:50:30 CET.

Flavor Version Tinstall Tcheck Ttotal Status Flags
r-devel-linux-x86_64-debian-clang 0.2 1.90 20.36 22.26 NOTE
r-devel-linux-x86_64-debian-gcc 0.2 1.63 16.09 17.72 NOTE
r-devel-linux-x86_64-fedora-clang 0.2 28.77 NOTE
r-devel-linux-x86_64-fedora-gcc 0.2 27.18 NOTE
r-devel-windows-x86_64 0.2 3.00 39.00 42.00 NOTE
r-patched-linux-x86_64 0.2 2.28 20.49 22.77 NOTE
r-release-linux-x86_64 0.2 1.84 20.53 22.37 NOTE
r-release-macos-arm64 0.2 16.00 NOTE
r-release-macos-x86_64 0.2 19.00 NOTE
r-release-windows-x86_64 0.2 7.00 40.00 47.00 NOTE
r-oldrel-macos-arm64 0.2 16.00 NOTE
r-oldrel-macos-x86_64 0.2 19.00 NOTE
r-oldrel-windows-x86_64 0.2 5.00 49.00 54.00 NOTE

Check Details

Version: 0.2
Check: LazyData
Result: NOTE 'LazyData' is specified without a 'data' directory Flavors: r-devel-linux-x86_64-debian-clang, r-devel-linux-x86_64-debian-gcc, r-devel-linux-x86_64-fedora-clang, r-devel-linux-x86_64-fedora-gcc, r-devel-windows-x86_64, r-patched-linux-x86_64, r-release-linux-x86_64, r-release-macos-arm64, r-release-macos-x86_64, r-release-windows-x86_64, r-oldrel-macos-arm64, r-oldrel-macos-x86_64, r-oldrel-windows-x86_64