CRAN Package Check Results for Package fec16

Last updated on 2021-04-14 01:49:01 CEST.

Flavor Version Tinstall Tcheck Ttotal Status Flags
r-devel-linux-x86_64-debian-clang 0.1.3 6.29 55.09 61.38 OK
r-devel-linux-x86_64-debian-gcc 0.1.3 5.19 41.97 47.16 OK
r-devel-linux-x86_64-fedora-clang 0.1.3 83.15 NOTE
r-devel-linux-x86_64-fedora-gcc 0.1.3 71.26 NOTE
r-devel-windows-ix86+x86_64 0.1.3 17.00 79.00 96.00 OK
r-devel-windows-x86_64-gcc10-UCRT 0.1.3 NOTE
r-patched-linux-x86_64 0.1.3 5.44 52.82 58.26 OK
r-patched-solaris-x86 0.1.3 115.00 NOTE
r-release-linux-x86_64 0.1.3 5.51 52.28 57.79 OK
r-release-macos-x86_64 0.1.3 NOTE
r-release-windows-ix86+x86_64 0.1.3 14.00 77.00 91.00 OK
r-oldrel-macos-x86_64 0.1.3 NOTE
r-oldrel-windows-ix86+x86_64 0.1.3 9.00 54.00 63.00 OK

Check Details

Version: 0.1.3
Check: data for non-ASCII characters
Result: NOTE
     Note: found 20 marked UTF-8 strings
Flavors: r-devel-linux-x86_64-fedora-clang, r-devel-linux-x86_64-fedora-gcc, r-devel-windows-x86_64-gcc10-UCRT, r-patched-solaris-x86, r-release-macos-x86_64, r-oldrel-macos-x86_64