CRAN Package Check Results for Package ffbase

Last updated on 2021-09-26 01:49:51 CEST.

Flavor Version Tinstall Tcheck Ttotal Status Flags
r-devel-linux-x86_64-debian-clang 0.13.3 8.65 69.94 78.59 OK
r-devel-linux-x86_64-debian-gcc 0.13.3 6.36 53.47 59.83 OK
r-devel-linux-x86_64-fedora-clang 0.13.3 99.33 OK
r-devel-linux-x86_64-fedora-gcc 0.13.3 88.22 OK
r-devel-windows-x86_64 0.13.3 12.00 64.00 76.00 ERROR
r-devel-windows-x86_64-gcc10-UCRT 0.13.3 ERROR
r-patched-linux-x86_64 0.13.3 9.25 66.42 75.67 OK
r-patched-solaris-x86 0.13.3 124.10 OK
r-release-linux-x86_64 0.13.3 6.22 66.93 73.15 OK
r-release-macos-arm64 0.13.3 OK
r-release-macos-x86_64 0.13.3 OK
r-release-windows-ix86+x86_64 0.13.3 21.00 100.00 121.00 OK
r-oldrel-macos-x86_64 0.13.3 OK
r-oldrel-windows-ix86+x86_64 0.13.3 39.00 96.00 135.00 OK

Check Details

Version: 0.13.3
Check: whether package can be installed
Result: WARN
    Found the following significant warnings:
     Warning: 'memory.limit()' is no longer supported
Flavors: r-devel-windows-x86_64, r-devel-windows-x86_64-gcc10-UCRT

Version: 0.13.3
Check: examples
Result: ERROR
    Running examples in 'ffbase-Ex.R' failed
    The error most likely occurred in:
    
    > ### Name: expand.ffgrid
    > ### Title: Create a 'ffdf' from All Combinations of Factors
    > ### Aliases: expand.ffgrid
    >
    > ### ** Examples
    >
    > comb <- expand.ffgrid(ff(1:1000), ff(factor(LETTERS)))
    Warning in grouprunningcumsumindex(x = rambytes[i], max = BATCHBYTES, currentcumul = i.last) :
     NAs introduced by coercion to integer range
    Error in grouprunningcumsumindex(x = rambytes[i], max = BATCHBYTES, currentcumul = i.last) :
     NAs in foreign function call (arg 3)
    Calls: expand.ffgrid ... ffrep.int -> ff -> ffrep.int -> grouprunningcumsumindex
    Execution halted
Flavors: r-devel-windows-x86_64, r-devel-windows-x86_64-gcc10-UCRT