CRAN Package Check Results for Package ffp

Last updated on 2022-01-22 01:49:44 CET.

Flavor Version Tinstall Tcheck Ttotal Status Flags
r-devel-linux-x86_64-debian-clang 0.1.0 6.53 101.70 108.23 OK
r-devel-linux-x86_64-debian-gcc 0.1.0 5.76 72.36 78.12 OK
r-devel-linux-x86_64-fedora-clang 0.1.0 127.63 NOTE
r-devel-linux-x86_64-fedora-gcc 0.1.0 110.89 NOTE
r-devel-windows-x86_64-new-UL 0.1.0 42.00 118.00 160.00 OK
r-devel-windows-x86_64-new-TK 0.1.0 NOTE
r-patched-linux-x86_64 0.1.0 6.23 92.18 98.41 OK
r-release-linux-x86_64 0.1.0 6.57 91.94 98.51 OK
r-release-macos-arm64 0.1.0 NOTE
r-release-macos-x86_64 0.1.0 NOTE
r-release-windows-ix86+x86_64 0.1.0 16.00 113.00 129.00 OK
r-oldrel-macos-x86_64 0.1.0 NOTE
r-oldrel-windows-ix86+x86_64 0.1.0 16.00 115.00 131.00 OK

Check Details

Version: 0.1.0
Check: dependencies in R code
Result: NOTE
    Namespaces in Imports field not imported from:
     ‘NlcOptim’ ‘usethis’ ‘xts’
     All declared Imports should be used.
Flavors: r-devel-linux-x86_64-fedora-clang, r-devel-linux-x86_64-fedora-gcc, r-devel-windows-x86_64-new-TK, r-release-macos-arm64, r-release-macos-x86_64, r-oldrel-macos-x86_64