CRAN Package Check Results for Package fhidata

Last updated on 2020-09-26 02:09:15 CEST.

Flavor Version Tinstall Tcheck Ttotal Status Flags
r-devel-linux-x86_64-debian-clang 2019.8.27 13.12 58.22 71.34 NOTE
r-devel-linux-x86_64-debian-gcc 2019.8.27 11.86 45.69 57.55 NOTE
r-devel-linux-x86_64-fedora-clang 2019.8.27 99.57 NOTE
r-devel-linux-x86_64-fedora-gcc 2019.8.27 88.79 NOTE
r-devel-windows-ix86+x86_64 2019.8.27 22.00 87.00 109.00 NOTE
r-patched-linux-x86_64 2019.8.27 12.76 55.12 67.88 NOTE
r-patched-solaris-x86 2019.8.27 146.60 NOTE
r-release-linux-x86_64 2019.8.27 13.31 55.16 68.47 NOTE
r-release-macos-x86_64 2019.8.27 NOTE
r-release-windows-ix86+x86_64 2019.8.27 19.00 87.00 106.00 NOTE
r-oldrel-macos-x86_64 2019.8.27 NOTE
r-oldrel-windows-ix86+x86_64 2019.8.27 21.00 80.00 101.00 NOTE

Check Details

Version: 2019.8.27
Check: package dependencies
Result: NOTE
    Package suggested but not available for checking: 'SDMTools'
Flavors: r-devel-linux-x86_64-debian-clang, r-devel-linux-x86_64-debian-gcc, r-devel-linux-x86_64-fedora-clang, r-devel-linux-x86_64-fedora-gcc, r-patched-linux-x86_64, r-patched-solaris-x86, r-release-linux-x86_64, r-release-macos-x86_64

Version: 2019.8.27
Check: installed package size
Result: NOTE
     installed size is 6.7Mb
     sub-directories of 1Mb or more:
     data 6.3Mb
Flavors: r-devel-linux-x86_64-fedora-clang, r-devel-windows-ix86+x86_64, r-patched-solaris-x86, r-release-macos-x86_64, r-release-windows-ix86+x86_64, r-oldrel-macos-x86_64, r-oldrel-windows-ix86+x86_64

Version: 2019.8.27
Check: data for non-ASCII characters
Result: NOTE
     Note: found 5077 marked UTF-8 strings
Flavors: r-devel-linux-x86_64-fedora-clang, r-devel-linux-x86_64-fedora-gcc, r-patched-solaris-x86, r-release-macos-x86_64, r-oldrel-macos-x86_64