Last updated on 2023-02-06 00:52:29 CET.
Flavor | Version | Tinstall | Tcheck | Ttotal | Status | Flags |
---|---|---|---|---|---|---|
r-devel-linux-x86_64-debian-clang | 1.0.2 | 2.87 | 21.86 | 24.73 | NOTE | |
r-devel-linux-x86_64-debian-gcc | 1.0.2 | 2.03 | 17.33 | 19.36 | NOTE | |
r-devel-linux-x86_64-fedora-clang | 1.0.2 | 32.26 | NOTE | |||
r-devel-linux-x86_64-fedora-gcc | 1.0.2 | 30.91 | NOTE | |||
r-devel-windows-x86_64 | 1.0.2 | 21.00 | 58.00 | 79.00 | NOTE | |
r-patched-linux-x86_64 | 1.0.2 | 2.53 | 22.18 | 24.71 | NOTE | |
r-release-linux-x86_64 | 1.0.2 | 2.26 | 22.64 | 24.90 | NOTE | |
r-release-macos-arm64 | 1.0.2 | 16.00 | NOTE | |||
r-release-macos-x86_64 | 1.0.2 | 22.00 | NOTE | |||
r-release-windows-x86_64 | 1.0.2 | 20.00 | 61.00 | 81.00 | NOTE | |
r-oldrel-macos-arm64 | 1.0.2 | 23.00 | NOTE | |||
r-oldrel-macos-x86_64 | 1.0.2 | 27.00 | NOTE | |||
r-oldrel-windows-ix86+x86_64 | 1.0.2 | 23.00 | 52.00 | 75.00 | NOTE |
Version: 1.0.2
Check: LazyData
Result: NOTE
'LazyData' is specified without a 'data' directory
Flavors: r-devel-linux-x86_64-debian-clang, r-devel-linux-x86_64-debian-gcc, r-devel-linux-x86_64-fedora-clang, r-devel-linux-x86_64-fedora-gcc, r-devel-windows-x86_64, r-patched-linux-x86_64, r-release-linux-x86_64, r-release-macos-arm64, r-release-macos-x86_64, r-release-windows-x86_64, r-oldrel-macos-arm64, r-oldrel-macos-x86_64, r-oldrel-windows-ix86+x86_64