CRAN Package Check Results for Package filesstrings

Last updated on 2020-10-01 01:48:39 CEST.

Flavor Version Tinstall Tcheck Ttotal Status Flags
r-devel-linux-x86_64-debian-clang 3.1.6 3.02 42.41 45.43 OK
r-devel-linux-x86_64-debian-gcc 3.1.6 2.88 32.85 35.73 OK
r-devel-linux-x86_64-fedora-clang 3.1.6 63.05 NOTE
r-devel-linux-x86_64-fedora-gcc 3.1.6 53.83 NOTE
r-devel-windows-ix86+x86_64 3.1.6 8.00 56.00 64.00 OK
r-patched-linux-x86_64 3.1.6 3.77 39.78 43.55 OK
r-patched-solaris-x86 3.1.6 85.50 NOTE
r-release-linux-x86_64 3.1.6 3.39 39.82 43.21 OK
r-release-macos-x86_64 3.1.6 OK
r-release-windows-ix86+x86_64 3.1.6 8.00 62.00 70.00 OK
r-oldrel-macos-x86_64 3.1.6 OK
r-oldrel-windows-ix86+x86_64 3.1.6 9.00 70.00 79.00 WARN

Check Details

Version: 3.1.6
Check: dependencies in R code
Result: NOTE
    Namespace in Imports field not imported from: ‘tibble’
     All declared Imports should be used.
Flavors: r-devel-linux-x86_64-fedora-clang, r-devel-linux-x86_64-fedora-gcc, r-patched-solaris-x86

Version: 3.1.6
Check: Rd cross-references
Result: WARN
    Missing link or links in documentation object 'nth_number_after_mth.Rd':
     '[stringi:about_search_regex]{stringi::stringi-search-regex}'
    
    Missing link or links in documentation object 'nth_number_before_mth.Rd':
     '[stringi:about_search_regex]{stringi::stringi-search-regex}'
    
    Missing link or links in documentation object 'singleize.Rd':
     '[stringi:about_search_regex]{stringi::stringi-search-regex}'
    
    Missing link or links in documentation object 'str_after_nth.Rd':
     '[stringi:about_search_regex]{stringi::stringi-search-regex}'
    
    Missing link or links in documentation object 'str_before_nth.Rd':
     '[stringi:about_search_regex]{stringi::stringi-search-regex}'
    
    Missing link or links in documentation object 'str_locate_nth.Rd':
     '[stringi:about_search_regex]{stringi::stringi-search-regex}'
    
    Missing link or links in documentation object 'trim_anything.Rd':
     '[stringi:about_search_regex]{stringi::stringi-search-regex}'
    
    See section 'Cross-references' in the 'Writing R Extensions' manual.
Flavor: r-oldrel-windows-ix86+x86_64