Last updated on 2023-12-05 07:48:31 CET.
Flavor | Version | Tinstall | Tcheck | Ttotal | Status | Flags |
---|---|---|---|---|---|---|
r-devel-linux-x86_64-debian-clang | 0.1.3 | 5.78 | 55.30 | 61.08 | NOTE | |
r-devel-linux-x86_64-debian-gcc | 0.1.3 | 4.72 | 41.85 | 46.57 | NOTE | |
r-devel-linux-x86_64-fedora-clang | 0.1.3 | 75.39 | NOTE | |||
r-devel-linux-x86_64-fedora-gcc | 0.1.3 | 71.81 | NOTE | |||
r-devel-windows-x86_64 | 0.1.3 | 7.00 | 60.00 | 67.00 | NOTE | |
r-patched-linux-x86_64 | 0.1.3 | 6.62 | 53.45 | 60.07 | NOTE | |
r-release-linux-x86_64 | 0.1.3 | 4.79 | 53.71 | 58.50 | NOTE | |
r-release-macos-arm64 | 0.1.3 | 33.00 | NOTE | |||
r-release-macos-x86_64 | 0.1.3 | 39.00 | NOTE | |||
r-release-windows-x86_64 | 0.1.3 | 8.00 | 67.00 | 75.00 | NOTE | |
r-oldrel-macos-arm64 | 0.1.3 | 24.00 | NOTE | |||
r-oldrel-macos-x86_64 | 0.1.3 | 43.00 | NOTE | |||
r-oldrel-windows-x86_64 | 0.1.3 | 9.00 | 72.00 | 81.00 | NOTE |
Version: 0.1.3
Check: LazyData
Result: NOTE
'LazyData' is specified without a 'data' directory
Flavors: r-devel-linux-x86_64-debian-clang, r-devel-linux-x86_64-debian-gcc, r-devel-linux-x86_64-fedora-clang, r-devel-linux-x86_64-fedora-gcc, r-devel-windows-x86_64, r-patched-linux-x86_64, r-release-linux-x86_64, r-release-macos-arm64, r-release-macos-x86_64, r-release-windows-x86_64, r-oldrel-macos-arm64, r-oldrel-macos-x86_64, r-oldrel-windows-x86_64